Last updated on 2024-08-25 05:49:32 CEST.
Flavor | Version | Tinstall | Tcheck | Ttotal | Status | Flags |
---|---|---|---|---|---|---|
r-devel-linux-x86_64-debian-clang | 0.7.0 | 8.09 | 61.61 | 69.70 | NOTE | |
r-devel-linux-x86_64-debian-gcc | 0.7.0 | 5.36 | 44.89 | 50.25 | NOTE | |
r-devel-linux-x86_64-fedora-clang | 0.7.0 | 108.20 | OK | |||
r-devel-linux-x86_64-fedora-gcc | 0.7.0 | 109.14 | OK | |||
r-devel-windows-x86_64 | 0.7.0 | 8.00 | 76.00 | 84.00 | NOTE | |
r-patched-linux-x86_64 | 0.7.0 | 10.95 | 57.86 | 68.81 | OK | |
r-release-linux-x86_64 | 0.7.0 | 6.91 | 58.03 | 64.94 | OK | |
r-release-macos-arm64 | 0.7.0 | 33.00 | OK | |||
r-release-macos-x86_64 | 0.7.0 | 51.00 | OK | |||
r-release-windows-x86_64 | 0.7.0 | 8.00 | 81.00 | 89.00 | OK | |
r-oldrel-macos-arm64 | 0.7.0 | 35.00 | OK | |||
r-oldrel-macos-x86_64 | 0.7.0 | 57.00 | OK | |||
r-oldrel-windows-x86_64 | 0.7.0 | 11.00 | 93.00 | 104.00 | OK |
Version: 0.7.0
Check: Rd cross-references
Result: NOTE
Found the following Rd file(s) with Rd \link{} targets missing package
anchors:
ReduceX.Rd: RoundWhole
SuppressDec.Rd: RoundWhole
Z2Yhat.Rd: RoundWhole, ginv
Please provide package anchors for all Rd \link{} targets not in the
package itself and the base packages.
Flavors: r-devel-linux-x86_64-debian-clang, r-devel-linux-x86_64-debian-gcc, r-devel-windows-x86_64