Last updated on 2024-08-25 05:49:32 CEST.
Flavor | Version | Tinstall | Tcheck | Ttotal | Status | Flags |
---|---|---|---|---|---|---|
r-devel-linux-x86_64-debian-clang | 0.1.7 | 10.50 | 102.12 | 112.62 | OK | |
r-devel-linux-x86_64-debian-gcc | 0.1.7 | 6.16 | 72.61 | 78.77 | OK | |
r-devel-linux-x86_64-fedora-clang | 0.1.7 | 192.03 | OK | |||
r-devel-linux-x86_64-fedora-gcc | 0.1.7 | 183.13 | ERROR | |||
r-devel-windows-x86_64 | 0.1.7 | 11.00 | 142.00 | 153.00 | OK | |
r-patched-linux-x86_64 | 0.1.7 | 11.32 | 97.14 | 108.46 | OK | |
r-release-linux-x86_64 | 0.1.6 | 8.22 | 94.08 | 102.30 | OK | |
r-release-macos-arm64 | 0.1.7 | 68.00 | OK | |||
r-release-macos-x86_64 | 0.1.7 | 137.00 | NOTE | |||
r-release-windows-x86_64 | 0.1.7 | 18.00 | 157.00 | 175.00 | OK | |
r-oldrel-macos-arm64 | 0.1.7 | 87.00 | NOTE | |||
r-oldrel-macos-x86_64 | 0.1.7 | 126.00 | NOTE | |||
r-oldrel-windows-x86_64 | 0.1.7 | 17.00 | 165.00 | 182.00 | OK |
Version: 0.1.7
Check: examples
Result: ERROR
Running examples in ‘ReporterScore-Ex.R’ failed
The error most likely occurred in:
> ### Name: KO_enrich
> ### Title: Perform enrichment analysis
> ### Aliases: KO_enrich as.enrich_res
>
> ### ** Examples
>
> ## use `enricher` from the `clusterProfiler` package.
> if (requireNamespace("clusterProfiler")) {
+ data("reporter_score_res")
+ enrich_res <- KO_enrich(reporter_score_res)
+ plot(enrich_res)
+ }
Loading required namespace: clusterProfiler
detect the origin_p.adjust, use the origin_p.adjust.
========================`clusterProfiler::enricher` done========================
Error in `$<-.data.frame`(`*tmp*`, "Significant_K_num", value = integer(0)) :
replacement has 0 rows, data has 107
Calls: KO_enrich -> $<- -> $<-.data.frame
Execution halted
Flavor: r-devel-linux-x86_64-fedora-gcc
Version: 0.1.7
Check: package dependencies
Result: NOTE
Packages suggested but not available for checking: 'PADOG', 'safe'
Flavor: r-release-macos-x86_64
Version: 0.1.7
Check: Rd cross-references
Result: NOTE
Packages unavailable to check Rd xrefs: ‘PADOG’, ‘safe’
Flavor: r-release-macos-x86_64
Version: 0.1.7
Check: package dependencies
Result: NOTE
Packages suggested but not available for checking: 'PADOG', 'GSVA'
Flavors: r-oldrel-macos-arm64, r-oldrel-macos-x86_64
Version: 0.1.7
Check: Rd cross-references
Result: NOTE
Packages unavailable to check Rd xrefs: ‘GSVA’, ‘PADOG’
Flavors: r-oldrel-macos-arm64, r-oldrel-macos-x86_64