Last updated on 2025-10-25 05:50:14 CEST.
| Flavor | Version | Tinstall | Tcheck | Ttotal | Status | Flags |
|---|---|---|---|---|---|---|
| r-devel-linux-x86_64-debian-clang | 5.0.4 | 59.76 | 50.00 | 109.76 | OK | |
| r-devel-linux-x86_64-debian-gcc | 5.0.4 | 45.00 | 36.22 | 81.22 | OK | |
| r-devel-linux-x86_64-fedora-clang | 5.0.4 | 401.00 | -189.44 | 211.56 | OK | |
| r-devel-linux-x86_64-fedora-gcc | 5.0.4 | 123.00 | 61.01 | 184.01 | OK | |
| r-devel-windows-x86_64 | 5.0.4 | 121.00 | 119.00 | 240.00 | OK | |
| r-patched-linux-x86_64 | 5.0.4 | 65.05 | 47.12 | 112.17 | OK | |
| r-release-linux-x86_64 | 5.0.4 | 63.47 | 46.97 | 110.44 | OK | |
| r-release-macos-arm64 | 5.0.4 | 24.00 | 23.00 | 47.00 | OK | |
| r-release-macos-x86_64 | 5.0.4 | 24.00 | 44.00 | 68.00 | OK | |
| r-release-windows-x86_64 | 5.0.4 | 121.00 | 131.00 | 252.00 | OK | |
| r-oldrel-macos-arm64 | 5.0.4 | 28.00 | 26.00 | 54.00 | NOTE | |
| r-oldrel-macos-x86_64 | 5.0.4 | 28.00 | 61.00 | 89.00 | NOTE | |
| r-oldrel-windows-x86_64 | 5.0.4 | 124.00 | 160.00 | 284.00 | OK |
Version: 5.0.4
Check: installed package size
Result: NOTE
installed size is 6.9Mb
sub-directories of 1Mb or more:
libs 6.0Mb
Flavors: r-oldrel-macos-arm64, r-oldrel-macos-x86_64