Last updated on 2024-08-25 05:49:32 CEST.
Flavor | Version | Tinstall | Tcheck | Ttotal | Status | Flags |
---|---|---|---|---|---|---|
r-devel-linux-x86_64-debian-clang | 0.1.6 | 4.74 | 64.60 | 69.34 | OK | |
r-devel-linux-x86_64-debian-gcc | 0.1.6 | 3.73 | 47.62 | 51.35 | OK | |
r-devel-linux-x86_64-fedora-clang | 0.1.6 | 122.77 | NOTE | |||
r-devel-linux-x86_64-fedora-gcc | 0.1.6 | 123.43 | NOTE | |||
r-devel-windows-x86_64 | 0.1.6 | 6.00 | 81.00 | 87.00 | OK | |
r-patched-linux-x86_64 | 0.1.6 | 4.26 | 61.58 | 65.84 | OK | |
r-release-linux-x86_64 | 0.1.6 | 4.44 | 62.28 | 66.72 | OK | |
r-release-macos-arm64 | 0.1.6 | 42.00 | OK | |||
r-release-macos-x86_64 | 0.1.6 | 59.00 | OK | |||
r-release-windows-x86_64 | 0.1.6 | 7.00 | 84.00 | 91.00 | OK | |
r-oldrel-macos-arm64 | 0.1.6 | 42.00 | OK | |||
r-oldrel-macos-x86_64 | 0.1.6 | 71.00 | OK | |||
r-oldrel-windows-x86_64 | 0.1.6 | 8.00 | 98.00 | 106.00 | OK |
Version: 0.1.6
Check: dependencies in R code
Result: NOTE
Namespace in Imports field not imported from: ‘tidyr’
All declared Imports should be used.
Flavors: r-devel-linux-x86_64-fedora-clang, r-devel-linux-x86_64-fedora-gcc