CRAN Package Check Results for Package Rlinkedin

Last updated on 2025-11-16 04:48:51 CET.

Flavor Version Tinstall Tcheck Ttotal Status Flags
r-devel-linux-x86_64-debian-clang 0.2 3.75 41.03 44.78 NOTE
r-devel-linux-x86_64-debian-gcc 0.2 3.83 31.02 34.85 NOTE
r-devel-linux-x86_64-fedora-clang 0.2 20.00 50.38 70.38 OK
r-devel-linux-x86_64-fedora-gcc 0.2 65.08 OK
r-devel-windows-x86_64 0.2 8.00 60.00 68.00 OK
r-patched-linux-x86_64 0.2 4.87 39.28 44.15 OK
r-release-linux-x86_64 0.2 4.26 38.64 42.90 OK
r-release-macos-arm64 0.2 2.00 27.00 29.00 OK
r-release-macos-x86_64 0.2 4.00 36.00 40.00 OK
r-release-windows-x86_64 0.2 6.00 60.00 66.00 OK
r-oldrel-macos-arm64 0.2 3.00 21.00 24.00 NOTE
r-oldrel-macos-x86_64 0.2 3.00 30.00 33.00 NOTE
r-oldrel-windows-x86_64 0.2 8.00 68.00 76.00 NOTE

Check Details

Version: 0.2
Check: CRAN incoming feasibility
Result: NOTE Maintainer: ‘Michael Piccirilli <michael.r.piccirilli@gmail.com>’ No Authors@R field in DESCRIPTION. Please add one, modifying Authors@R: person(given = "Michael", family = "Piccirilli", role = c("aut", "cre"), email = "michael.r.piccirilli@gmail.com") as necessary. Flavors: r-devel-linux-x86_64-debian-clang, r-devel-linux-x86_64-debian-gcc

Version: 0.2
Check: LazyData
Result: NOTE 'LazyData' is specified without a 'data' directory Flavors: r-oldrel-macos-arm64, r-oldrel-macos-x86_64, r-oldrel-windows-x86_64