Last updated on 2025-11-16 04:48:52 CET.
| Flavor | Version | Tinstall | Tcheck | Ttotal | Status | Flags |
|---|---|---|---|---|---|---|
| r-devel-linux-x86_64-debian-clang | 1.0.0 | 5.05 | 71.91 | 76.96 | OK | |
| r-devel-linux-x86_64-debian-gcc | 1.0.0 | 3.05 | 51.26 | 54.31 | NOTE | |
| r-devel-linux-x86_64-fedora-clang | 1.0.0 | 44.00 | 87.55 | 131.55 | OK | |
| r-devel-linux-x86_64-fedora-gcc | 1.0.0 | 10.00 | 102.94 | 112.94 | OK | |
| r-devel-windows-x86_64 | 1.0.0 | 10.00 | 95.00 | 105.00 | OK | |
| r-patched-linux-x86_64 | 1.0.0 | 5.34 | 69.45 | 74.79 | OK | |
| r-release-linux-x86_64 | 1.0.0 | 4.67 | 69.57 | 74.24 | OK | |
| r-release-macos-arm64 | 1.0.0 | 2.00 | 34.00 | 36.00 | OK | |
| r-release-macos-x86_64 | 1.0.0 | 8.00 | 119.00 | 127.00 | OK | |
| r-release-windows-x86_64 | 1.0.0 | 8.00 | 92.00 | 100.00 | OK | |
| r-oldrel-macos-arm64 | 1.0.0 | 9.00 | ERROR | |||
| r-oldrel-macos-x86_64 | 1.0.0 | 12.00 | ERROR | |||
| r-oldrel-windows-x86_64 | 1.0.0 | 11.00 | 121.00 | 132.00 | OK |
Version: 1.0.0
Check: CRAN incoming feasibility
Result: NOTE
Maintainer: ‘Cassandra Stamsaas <cassandra.hjortdahl@nmbu.no>’
The BugReports field in DESCRIPTION has
https://github.com/CassandraHjo/Rsearch/issues/
which should likely be
https://github.com/CassandraHjo/Rsearch/issues/issues
instead.
Flavor: r-devel-linux-x86_64-debian-gcc
Version: 1.0.0
Check: package dependencies
Result: ERROR
Package required and available but unsuitable version: ‘phyloseq’
See section ‘The DESCRIPTION file’ in the ‘Writing R Extensions’
manual.
Flavors: r-oldrel-macos-arm64, r-oldrel-macos-x86_64