Last updated on 2025-11-16 04:48:52 CET.
| Flavor | Version | Tinstall | Tcheck | Ttotal | Status | Flags |
|---|---|---|---|---|---|---|
| r-devel-linux-x86_64-debian-clang | 0.2.7 | 4.44 | 36.13 | 40.57 | OK | |
| r-devel-linux-x86_64-debian-gcc | 0.2.7 | 3.01 | 28.22 | 31.23 | OK | |
| r-devel-linux-x86_64-fedora-clang | 0.2.7 | 26.00 | 39.37 | 65.37 | NOTE | |
| r-devel-linux-x86_64-fedora-gcc | 0.2.7 | 20.00 | 42.46 | 62.46 | NOTE | |
| r-devel-windows-x86_64 | 0.2.7 | 10.00 | 50.00 | 60.00 | OK | |
| r-patched-linux-x86_64 | 0.2.7 | 4.40 | 33.39 | 37.79 | OK | |
| r-release-linux-x86_64 | 0.2.7 | 4.17 | 33.03 | 37.20 | OK | |
| r-release-macos-arm64 | 0.2.7 | 2.00 | 20.00 | 22.00 | OK | |
| r-release-macos-x86_64 | 0.2.7 | 3.00 | 43.00 | 46.00 | OK | |
| r-release-windows-x86_64 | 0.2.7 | 6.00 | 50.00 | 56.00 | OK | |
| r-oldrel-macos-arm64 | 0.2.7 | 2.00 | 19.00 | 21.00 | OK | |
| r-oldrel-macos-x86_64 | 0.2.7 | 3.00 | 29.00 | 32.00 | OK | |
| r-oldrel-windows-x86_64 | 0.2.7 | 7.00 | 61.00 | 68.00 | OK |
Version: 0.2.7
Check: dependencies in R code
Result: NOTE
Namespaces in Imports field not imported from:
‘httr’ ‘logger’
All declared Imports should be used.
Flavors: r-devel-linux-x86_64-fedora-clang, r-devel-linux-x86_64-fedora-gcc