Last updated on 2025-11-16 04:48:53 CET.
| Flavor | Version | Tinstall | Tcheck | Ttotal | Status | Flags |
|---|---|---|---|---|---|---|
| r-devel-linux-x86_64-debian-clang | 0.7.22 | 8.06 | 71.87 | 79.93 | NOTE | |
| r-devel-linux-x86_64-debian-gcc | 0.7.22 | 5.36 | 51.26 | 56.62 | NOTE | |
| r-devel-linux-x86_64-fedora-clang | 0.7.22 | 20.00 | 104.46 | 124.46 | NOTE | |
| r-devel-linux-x86_64-fedora-gcc | 0.7.22 | 18.00 | 132.67 | 150.67 | NOTE | |
| r-devel-windows-x86_64 | 0.7.22 | 13.00 | 91.00 | 104.00 | NOTE | |
| r-patched-linux-x86_64 | 0.7.22 | 9.28 | 68.73 | 78.01 | NOTE | |
| r-release-linux-x86_64 | 0.7.22 | 6.91 | 69.50 | 76.41 | NOTE | |
| r-release-macos-arm64 | 0.7.22 | 4.00 | 42.00 | 46.00 | NOTE | |
| r-release-macos-x86_64 | 0.7.22 | 8.00 | 89.00 | 97.00 | NOTE | |
| r-release-windows-x86_64 | 0.7.22 | 11.00 | 94.00 | 105.00 | NOTE | |
| r-oldrel-macos-arm64 | 0.7.22 | 5.00 | 45.00 | 50.00 | NOTE | |
| r-oldrel-macos-x86_64 | 0.7.22 | 5.00 | 65.00 | 70.00 | NOTE | |
| r-oldrel-windows-x86_64 | 0.7.22 | 14.00 | 108.00 | 122.00 | NOTE |
Version: 0.7.22
Check: package subdirectories
Result: NOTE
Problems with news in ‘NEWS.md’:
No news entries found.
Flavors: r-devel-linux-x86_64-debian-clang, r-devel-linux-x86_64-debian-gcc, r-devel-linux-x86_64-fedora-clang, r-devel-linux-x86_64-fedora-gcc, r-devel-windows-x86_64, r-patched-linux-x86_64, r-release-linux-x86_64, r-release-macos-arm64, r-release-macos-x86_64, r-release-windows-x86_64, r-oldrel-macos-arm64, r-oldrel-macos-x86_64, r-oldrel-windows-x86_64