Last updated on 2025-11-16 04:48:53 CET.
| Flavor | Version | Tinstall | Tcheck | Ttotal | Status | Flags |
|---|---|---|---|---|---|---|
| r-devel-linux-x86_64-debian-clang | 0.0.6 | 15.48 | 212.36 | 227.84 | OK | |
| r-devel-linux-x86_64-debian-gcc | 0.0.6 | 10.24 | 137.01 | 147.25 | NOTE | |
| r-devel-linux-x86_64-fedora-clang | 0.0.6 | 62.00 | 311.78 | 373.78 | OK | |
| r-devel-linux-x86_64-fedora-gcc | 0.0.6 | 73.00 | 306.74 | 379.74 | OK | |
| r-devel-windows-x86_64 | 0.0.6 | 17.00 | 186.00 | 203.00 | OK | |
| r-patched-linux-x86_64 | 0.0.6 | 15.67 | 199.66 | 215.33 | OK | |
| r-release-linux-x86_64 | 0.0.6 | 14.18 | 201.26 | 215.44 | OK | |
| r-release-macos-arm64 | 0.0.6 | 7.00 | 84.00 | 91.00 | OK | |
| r-release-macos-x86_64 | 0.0.6 | 14.00 | 197.00 | 211.00 | OK | |
| r-release-windows-x86_64 | 0.0.6 | 16.00 | 180.00 | 196.00 | OK | |
| r-oldrel-macos-arm64 | 0.0.6 | 7.00 | 96.00 | 103.00 | OK | |
| r-oldrel-macos-x86_64 | 0.0.6 | 19.00 | 237.00 | 256.00 | OK | |
| r-oldrel-windows-x86_64 | 0.0.6 | 20.00 | 252.00 | 272.00 | OK |
Version: 0.0.6
Check: CRAN incoming feasibility
Result: NOTE
Maintainer: ‘Rozeta Simonovska <simonovska.r@gmail.com>’
The BugReports field in DESCRIPTION has
https://github.com/RozetaSimonovska/SDPDmod/issues/
which should likely be
https://github.com/RozetaSimonovska/SDPDmod/issues/issues
instead.
Flavor: r-devel-linux-x86_64-debian-gcc