Last updated on 2025-02-22 04:51:28 CET.
Flavor | Version | Tinstall | Tcheck | Ttotal | Status | Flags |
---|---|---|---|---|---|---|
r-devel-linux-x86_64-debian-clang | 2.1-1 | 3.12 | 16.52 | 19.64 | OK | |
r-devel-linux-x86_64-debian-gcc | 2.1-1 | 2.25 | 13.65 | 15.90 | OK | |
r-devel-linux-x86_64-fedora-clang | 2.1-1 | 31.46 | NOTE | |||
r-devel-linux-x86_64-fedora-gcc | 2.1-1 | 30.05 | NOTE | |||
r-devel-macos-arm64 | 2.1-1 | 15.00 | OK | |||
r-devel-macos-x86_64 | 2.1-1 | 26.00 | OK | |||
r-devel-windows-x86_64 | 2.1-1 | 5.00 | 44.00 | 49.00 | OK | |
r-patched-linux-x86_64 | 2.1-1 | 3.07 | 16.04 | 19.11 | OK | |
r-release-linux-x86_64 | 2.1-1 | 2.68 | 15.73 | 18.41 | OK | |
r-release-macos-arm64 | 2.1-1 | 16.00 | OK | |||
r-release-macos-x86_64 | 2.1-1 | 22.00 | OK | |||
r-release-windows-x86_64 | 2.1-1 | 6.00 | 44.00 | 50.00 | OK | |
r-oldrel-macos-arm64 | 2.1-1 | 16.00 | OK | |||
r-oldrel-macos-x86_64 | 2.1-1 | 20.00 | OK | |||
r-oldrel-windows-x86_64 | 2.1-1 | 6.00 | 43.00 | 49.00 | OK |
Version: 2.1-1
Check: compiled code
Result: NOTE
File ‘SLHD/libs/SLHD.so’:
Found no calls to: ‘R_registerRoutines’, ‘R_useDynamicSymbols’
It is good practice to register native routines and to disable symbol
search.
See ‘Writing portable packages’ in the ‘Writing R Extensions’ manual.
Flavors: r-devel-linux-x86_64-fedora-clang, r-devel-linux-x86_64-fedora-gcc