Last updated on 2024-08-25 05:49:35 CEST.
Flavor | Version | Tinstall | Tcheck | Ttotal | Status | Flags |
---|---|---|---|---|---|---|
r-devel-linux-x86_64-debian-clang | 2.1-0 | 20.00 | 229.90 | 249.90 | OK | |
r-devel-linux-x86_64-debian-gcc | 2.1-0 | 13.98 | 166.08 | 180.06 | OK | |
r-devel-linux-x86_64-fedora-clang | 2.1-0 | 427.04 | OK | |||
r-devel-linux-x86_64-fedora-gcc | 2.1-0 | 427.62 | OK | |||
r-devel-windows-x86_64 | 2.1-0 | 20.00 | 228.00 | 248.00 | OK | |
r-patched-linux-x86_64 | 2.1-0 | 19.56 | 222.46 | 242.02 | OK | |
r-release-linux-x86_64 | 2.1-0 | 18.15 | 221.87 | 240.02 | OK | |
r-release-macos-arm64 | 2.1-0 | 104.00 | NOTE | |||
r-release-macos-x86_64 | 2.1-0 | 165.00 | NOTE | |||
r-release-windows-x86_64 | 2.1-0 | 19.00 | 225.00 | 244.00 | OK | |
r-oldrel-macos-arm64 | 2.1-0 | 114.00 | NOTE | |||
r-oldrel-macos-x86_64 | 2.1-0 | 177.00 | NOTE | |||
r-oldrel-windows-x86_64 | 2.1-0 | 26.00 | 282.00 | 308.00 | OK |
Version: 2.1-0
Check: package dependencies
Result: NOTE
Package suggested but not available for checking: ‘TxDb.Hsapiens.UCSC.hg19.knownGene’
Flavors: r-release-macos-arm64, r-release-macos-x86_64
Version: 2.1-0
Check: package dependencies
Result: NOTE
Packages suggested but not available for checking:
'VariantAnnotation', 'TxDb.Hsapiens.UCSC.hg19.knownGene'
Flavor: r-oldrel-macos-arm64
Version: 2.1-0
Check: package dependencies
Result: NOTE
Packages suggested but not available for checking:
'VariantAnnotation', 'org.Hs.eg.db',
'TxDb.Hsapiens.UCSC.hg19.knownGene'
Flavor: r-oldrel-macos-x86_64