Last updated on 2025-02-22 04:51:29 CET.
Flavor | Version | Tinstall | Tcheck | Ttotal | Status | Flags |
---|---|---|---|---|---|---|
r-devel-linux-x86_64-debian-clang | 1.1 | 6.54 | 64.76 | 71.30 | NOTE | |
r-devel-linux-x86_64-debian-gcc | 1.1 | 6.38 | 47.62 | 54.00 | NOTE | |
r-devel-linux-x86_64-fedora-clang | 1.1 | 121.72 | OK | |||
r-devel-linux-x86_64-fedora-gcc | 1.1 | 109.56 | OK | |||
r-devel-macos-arm64 | 1.1 | 37.00 | OK | |||
r-devel-macos-x86_64 | 1.1 | 63.00 | OK | |||
r-devel-windows-x86_64 | 1.1 | 9.00 | 84.00 | 93.00 | NOTE | |
r-patched-linux-x86_64 | 1.1 | 8.35 | 61.24 | 69.59 | OK | |
r-release-linux-x86_64 | 1.1 | 7.91 | 61.65 | 69.56 | OK | |
r-release-macos-arm64 | 1.1 | 35.00 | OK | |||
r-release-macos-x86_64 | 1.1 | 57.00 | OK | |||
r-release-windows-x86_64 | 1.1 | 9.00 | 77.00 | 86.00 | OK | |
r-oldrel-macos-arm64 | 1.1 | 37.00 | OK | |||
r-oldrel-macos-x86_64 | 1.1 | 57.00 | OK | |||
r-oldrel-windows-x86_64 | 1.1 | 8.00 | 84.00 | 92.00 | OK |
Version: 1.1
Check: Rd cross-references
Result: NOTE
Found the following Rd file(s) with Rd \link{} targets missing package
anchors:
ce.dat.prep.Rd: Surv
kaplan.meier.location.Rd: survfit
lifedata.MLE.Rd: Surv
Please provide package anchors for all Rd \link{} targets not in the
package itself and the base packages.
Flavors: r-devel-linux-x86_64-debian-clang, r-devel-linux-x86_64-debian-gcc, r-devel-windows-x86_64