Last updated on 2025-02-21 04:52:07 CET.
Flavor | Version | Tinstall | Tcheck | Ttotal | Status | Flags |
---|---|---|---|---|---|---|
r-devel-linux-x86_64-debian-clang | 1.4.2 | 14.21 | 311.03 | 325.24 | NOTE | |
r-devel-linux-x86_64-debian-gcc | 1.4.2 | 9.38 | 204.52 | 213.90 | NOTE | |
r-devel-linux-x86_64-fedora-clang | 1.4.2 | 532.61 | OK | |||
r-devel-linux-x86_64-fedora-gcc | 1.4.2 | 484.22 | OK | |||
r-devel-macos-arm64 | 1.4.2 | 169.00 | OK | |||
r-devel-macos-x86_64 | 1.4.2 | 426.00 | OK | |||
r-devel-windows-x86_64 | 1.4.2 | 14.00 | 410.00 | 424.00 | NOTE | |
r-patched-linux-x86_64 | 1.4.2 | 17.93 | 275.85 | 293.78 | OK | |
r-release-linux-x86_64 | 1.4.2 | 12.09 | 274.37 | 286.46 | OK | |
r-release-macos-arm64 | 1.4.2 | 183.00 | OK | |||
r-release-macos-x86_64 | 1.4.2 | 395.00 | OK | |||
r-release-windows-x86_64 | 1.4.2 | 16.00 | 414.00 | 430.00 | OK | |
r-oldrel-macos-arm64 | 1.4.2 | 173.00 | OK | |||
r-oldrel-macos-x86_64 | 1.4.2 | 407.00 | OK | |||
r-oldrel-windows-x86_64 | 1.4.2 | 19.00 | 432.00 | 451.00 | OK |
Version: 1.4.2
Check: Rd cross-references
Result: NOTE
Found the following Rd file(s) with Rd \link{} targets missing package
anchors:
plot.Rd: viridis
Please provide package anchors for all Rd \link{} targets not in the
package itself and the base packages.
Flavors: r-devel-linux-x86_64-debian-clang, r-devel-linux-x86_64-debian-gcc, r-devel-windows-x86_64