Last updated on 2025-11-16 04:48:56 CET.
| Flavor | Version | Tinstall | Tcheck | Ttotal | Status | Flags |
|---|---|---|---|---|---|---|
| r-devel-linux-x86_64-debian-clang | 0.0.3 | 26.72 | 196.84 | 223.56 | NOTE | |
| r-devel-linux-x86_64-debian-gcc | 0.0.3 | 23.34 | 143.28 | 166.62 | NOTE | |
| r-devel-linux-x86_64-fedora-clang | 0.0.3 | 60.00 | 285.23 | 345.23 | OK | |
| r-devel-linux-x86_64-fedora-gcc | 0.0.3 | 145.00 | 231.00 | 376.00 | OK | |
| r-devel-windows-x86_64 | 0.0.3 | 24.00 | 164.00 | 188.00 | OK | |
| r-patched-linux-x86_64 | 0.0.3 | 29.79 | 189.30 | 219.09 | OK | |
| r-release-linux-x86_64 | 0.0.3 | 28.05 | 188.31 | 216.36 | OK | |
| r-release-macos-arm64 | 0.0.3 | 9.00 | 77.00 | 86.00 | OK | |
| r-release-macos-x86_64 | 0.0.3 | 25.00 | 179.00 | 204.00 | OK | |
| r-release-windows-x86_64 | 0.0.3 | 25.00 | 167.00 | 192.00 | OK | |
| r-oldrel-macos-arm64 | 0.0.3 | 8.00 | 78.00 | 86.00 | OK | |
| r-oldrel-macos-x86_64 | 0.0.3 | 16.00 | 128.00 | 144.00 | OK | |
| r-oldrel-windows-x86_64 | 0.0.3 | 32.00 | 220.00 | 252.00 | OK |
Version: 0.0.3
Check: CRAN incoming feasibility
Result: NOTE
Maintainer: ‘Edgar Santos-Fernandez <santosfe@qut.edu.au>’
The Description field contains
<arXiv:2103.03538>. In these models, spatial dependence is captured
Please refer to arXiv e-prints via their arXiv DOI <doi:10.48550/arXiv.YYMM.NNNNN>.
Flavors: r-devel-linux-x86_64-debian-clang, r-devel-linux-x86_64-debian-gcc