Last updated on 2025-02-22 04:51:29 CET.
Flavor | Version | Tinstall | Tcheck | Ttotal | Status | Flags |
---|---|---|---|---|---|---|
r-devel-linux-x86_64-debian-clang | 1.1 | 5.59 | 41.99 | 47.58 | NOTE | |
r-devel-linux-x86_64-debian-gcc | 1.1 | 3.96 | 30.95 | 34.91 | NOTE | |
r-devel-linux-x86_64-fedora-clang | 1.1 | 79.29 | NOTE | |||
r-devel-linux-x86_64-fedora-gcc | 1.1 | 71.02 | NOTE | |||
r-devel-macos-arm64 | 1.1 | 25.00 | NOTE | |||
r-devel-macos-x86_64 | 1.1 | 45.00 | NOTE | |||
r-devel-windows-x86_64 | 1.1 | 7.00 | 70.00 | 77.00 | NOTE | |
r-patched-linux-x86_64 | 1.1 | 9.97 | 39.82 | 49.79 | NOTE | |
r-release-linux-x86_64 | 1.1 | 5.05 | 38.63 | 43.68 | NOTE | |
r-release-macos-arm64 | 1.1 | 27.00 | NOTE | |||
r-release-macos-x86_64 | 1.1 | 39.00 | NOTE | |||
r-release-windows-x86_64 | 1.1 | 8.00 | 61.00 | 69.00 | NOTE | |
r-oldrel-macos-arm64 | 1.1 | 26.00 | OK | |||
r-oldrel-macos-x86_64 | 1.1 | 40.00 | OK | |||
r-oldrel-windows-x86_64 | 1.1 | 9.00 | 70.00 | 79.00 | OK |
Version: 1.1
Check: Rd files
Result: NOTE
checkRd: (-1) readratdatafixed.Rd:25: Lost braces; missing escapes or markup?
25 | number of the set {1, 2, 3}, {1..5}, {1..7} or {1..9}. When there are 10
| ^
checkRd: (-1) readratdatafixed.Rd:25: Lost braces; missing escapes or markup?
25 | number of the set {1, 2, 3}, {1..5}, {1..7} or {1..9}. When there are 10
| ^
checkRd: (-1) readratdatafixed.Rd:25: Lost braces; missing escapes or markup?
25 | number of the set {1, 2, 3}, {1..5}, {1..7} or {1..9}. When there are 10
| ^
checkRd: (-1) readratdatafixed.Rd:25: Lost braces; missing escapes or markup?
25 | number of the set {1, 2, 3}, {1..5}, {1..7} or {1..9}. When there are 10
| ^
Flavors: r-devel-linux-x86_64-debian-clang, r-devel-linux-x86_64-debian-gcc, r-devel-linux-x86_64-fedora-clang, r-devel-linux-x86_64-fedora-gcc, r-devel-macos-arm64, r-devel-macos-x86_64, r-devel-windows-x86_64, r-patched-linux-x86_64, r-release-linux-x86_64, r-release-macos-arm64, r-release-macos-x86_64, r-release-windows-x86_64
Version: 1.1
Check: Rd cross-references
Result: NOTE
Found the following Rd file(s) with Rd \link{} targets missing package
anchors:
gplot.SSrat.Rd: gplot
Please provide package anchors for all Rd \link{} targets not in the
package itself and the base packages.
Flavors: r-devel-linux-x86_64-debian-clang, r-devel-linux-x86_64-debian-gcc, r-devel-windows-x86_64