Last updated on 2024-08-25 05:49:36 CEST.
Flavor | Version | Tinstall | Tcheck | Ttotal | Status | Flags |
---|---|---|---|---|---|---|
r-devel-linux-x86_64-debian-clang | 0.5.8 | 41.93 | 345.60 | 387.53 | NOTE | |
r-devel-linux-x86_64-debian-gcc | 0.5.8 | 31.67 | 248.82 | 280.49 | NOTE | |
r-devel-linux-x86_64-fedora-clang | 0.5.8 | 651.88 | NOTE | |||
r-devel-linux-x86_64-fedora-gcc | 0.5.8 | 608.06 | NOTE | |||
r-devel-windows-x86_64 | 0.5.8 | 44.00 | 311.00 | 355.00 | NOTE | |
r-patched-linux-x86_64 | 0.5.8 | 42.00 | 329.18 | 371.18 | NOTE | |
r-release-linux-x86_64 | 0.5.8 | 37.63 | 327.15 | 364.78 | NOTE | |
r-release-macos-arm64 | 0.5.8 | 154.00 | NOTE | |||
r-release-macos-x86_64 | 0.5.8 | 238.00 | NOTE | |||
r-release-windows-x86_64 | 0.5.8 | 46.00 | 310.00 | 356.00 | NOTE | |
r-oldrel-macos-arm64 | 0.5.8 | 161.00 | NOTE | |||
r-oldrel-macos-x86_64 | 0.5.8 | 259.00 | NOTE | |||
r-oldrel-windows-x86_64 | 0.5.8 | 58.00 | 430.00 | 488.00 | NOTE |
Version: 0.5.8
Check: package dependencies
Result: NOTE
Package suggested but not available for checking: ‘STRaitRazoR’
Flavors: r-devel-linux-x86_64-debian-clang, r-devel-linux-x86_64-debian-gcc, r-devel-linux-x86_64-fedora-clang, r-devel-linux-x86_64-fedora-gcc, r-devel-windows-x86_64, r-patched-linux-x86_64, r-release-linux-x86_64, r-release-macos-arm64, r-release-macos-x86_64, r-release-windows-x86_64, r-oldrel-macos-arm64, r-oldrel-macos-x86_64, r-oldrel-windows-x86_64
Version: 0.5.8
Check: Rd cross-references
Result: NOTE
Found the following Rd file(s) with Rd \link{} targets missing package
anchors:
flankingRegions.Rd: tibble
genotypeList.Rd: tibble
noiseList.Rd: tibble
stringCoverageGenotypeList.Rd: tibble
stringCoverageList.Rd: tibble
workflow.control.Rd: tibble
Please provide package anchors for all Rd \link{} targets not in the
package itself and the base packages.
Flavors: r-devel-linux-x86_64-debian-clang, r-devel-linux-x86_64-debian-gcc, r-devel-windows-x86_64