Last updated on 2025-11-16 04:48:57 CET.
| Flavor | Version | Tinstall | Tcheck | Ttotal | Status | Flags |
|---|---|---|---|---|---|---|
| r-devel-linux-x86_64-debian-clang | 1.1.0 | 4.60 | 39.66 | 44.26 | OK | |
| r-devel-linux-x86_64-debian-gcc | 1.1.0 | 2.85 | 30.87 | 33.72 | OK | |
| r-devel-linux-x86_64-fedora-clang | 1.1.0 | 61.43 | NOTE | |||
| r-devel-linux-x86_64-fedora-gcc | 1.1.0 | 60.27 | NOTE | |||
| r-devel-windows-x86_64 | 1.1.0 | 9.00 | 62.00 | 71.00 | OK | |
| r-patched-linux-x86_64 | 1.1.0 | 3.97 | 36.46 | 40.43 | OK | |
| r-release-linux-x86_64 | 1.1.0 | 4.51 | 36.08 | 40.59 | OK | |
| r-release-macos-arm64 | 1.1.0 | 2.00 | 23.00 | 25.00 | OK | |
| r-release-macos-x86_64 | 1.1.0 | 3.00 | 33.00 | 36.00 | OK | |
| r-release-windows-x86_64 | 1.1.0 | 7.00 | 61.00 | 68.00 | OK | |
| r-oldrel-macos-arm64 | 1.1.0 | 2.00 | 18.00 | 20.00 | OK | |
| r-oldrel-macos-x86_64 | 1.1.0 | 3.00 | 28.00 | 31.00 | OK | |
| r-oldrel-windows-x86_64 | 1.1.0 | 10.00 | 74.00 | 84.00 | OK |
Version: 1.1.0
Check: dependencies in R code
Result: NOTE
Namespace in Imports field not imported from: ‘prettymapr’
All declared Imports should be used.
Flavors: r-devel-linux-x86_64-fedora-clang, r-devel-linux-x86_64-fedora-gcc