Last updated on 2025-02-22 04:51:27 CET.
Flavor | Version | Tinstall | Tcheck | Ttotal | Status | Flags |
---|---|---|---|---|---|---|
r-devel-linux-x86_64-debian-clang | 0.1.0 | 5.93 | 50.61 | 56.54 | OK | |
r-devel-linux-x86_64-debian-gcc | 0.1.0 | 4.24 | 35.26 | 39.50 | OK | |
r-devel-linux-x86_64-fedora-clang | 0.1.0 | 91.51 | NOTE | |||
r-devel-linux-x86_64-fedora-gcc | 0.1.0 | 81.50 | NOTE | |||
r-devel-macos-arm64 | 0.1.0 | 30.00 | OK | |||
r-devel-macos-x86_64 | 0.1.0 | 57.00 | OK | |||
r-devel-windows-x86_64 | 0.1.0 | 8.00 | 69.00 | 77.00 | OK | |
r-patched-linux-x86_64 | 0.1.0 | 5.57 | 44.58 | 50.15 | NOTE | |
r-release-linux-x86_64 | 0.1.0 | 5.25 | 45.04 | 50.29 | NOTE | |
r-release-macos-arm64 | 0.1.0 | 30.00 | NOTE | |||
r-release-macos-x86_64 | 0.1.0 | 67.00 | NOTE | |||
r-release-windows-x86_64 | 0.1.0 | 7.00 | 67.00 | 74.00 | NOTE | |
r-oldrel-macos-arm64 | 0.1.0 | 26.00 | NOTE | |||
r-oldrel-macos-x86_64 | 0.1.0 | 39.00 | NOTE | |||
r-oldrel-windows-x86_64 | 0.1.0 | 9.00 | 75.00 | 84.00 | NOTE |
Version: 0.1.0
Check: dependencies in R code
Result: NOTE
Namespace in Imports field not imported from: ‘tibble’
All declared Imports should be used.
Flavors: r-devel-linux-x86_64-fedora-clang, r-devel-linux-x86_64-fedora-gcc
Version: 0.1.0
Check: LazyData
Result: NOTE
'LazyData' is specified without a 'data' directory
Flavors: r-patched-linux-x86_64, r-release-linux-x86_64, r-release-macos-arm64, r-release-macos-x86_64, r-release-windows-x86_64, r-oldrel-macos-arm64, r-oldrel-macos-x86_64, r-oldrel-windows-x86_64