Last updated on 2025-10-25 05:50:16 CEST.
| Flavor | Version | Tinstall | Tcheck | Ttotal | Status | Flags |
|---|---|---|---|---|---|---|
| r-devel-linux-x86_64-debian-clang | 0.1.0 | 6.17 | 52.98 | 59.15 | NOTE | |
| r-devel-linux-x86_64-debian-gcc | 0.1.0 | 4.30 | 38.12 | 42.42 | NOTE | |
| r-devel-linux-x86_64-fedora-clang | 0.1.0 | 13.00 | 76.18 | 89.18 | NOTE | |
| r-devel-linux-x86_64-fedora-gcc | 0.1.0 | 11.00 | 68.55 | 79.55 | NOTE | |
| r-devel-windows-x86_64 | 0.1.0 | 8.00 | 66.00 | 74.00 | OK | |
| r-patched-linux-x86_64 | 0.1.0 | 5.47 | 47.18 | 52.65 | OK | |
| r-release-linux-x86_64 | 0.1.0 | 4.06 | 47.57 | 51.63 | OK | |
| r-release-macos-arm64 | 0.1.0 | 3.00 | 27.00 | 30.00 | OK | |
| r-release-macos-x86_64 | 0.1.0 | 8.00 | 49.00 | 57.00 | OK | |
| r-release-windows-x86_64 | 0.1.0 | 9.00 | 69.00 | 78.00 | OK | |
| r-oldrel-macos-arm64 | 0.1.0 | 3.00 | 27.00 | 30.00 | NOTE | |
| r-oldrel-macos-x86_64 | 0.1.0 | 8.00 | 59.00 | 67.00 | NOTE | |
| r-oldrel-windows-x86_64 | 0.1.0 | 10.00 | 80.00 | 90.00 | NOTE |
Version: 0.1.0
Check: CRAN incoming feasibility
Result: NOTE
Maintainer: ‘Robert Myles McDonnell <robertmylesmcdonnell@gmail.com>’
No Authors@R field in DESCRIPTION.
Please add one, modifying
Authors@R: person(given = c("Robert", "Myles"),
family = "McDonnell",
role = c("aut", "cre"),
email = "robertmylesmcdonnell@gmail.com")
as necessary.
Flavors: r-devel-linux-x86_64-debian-clang, r-devel-linux-x86_64-debian-gcc
Version: 0.1.0
Check: dependencies in R code
Result: NOTE
Namespace in Imports field not imported from: ‘tibble’
All declared Imports should be used.
Flavors: r-devel-linux-x86_64-fedora-clang, r-devel-linux-x86_64-fedora-gcc
Version: 0.1.0
Check: LazyData
Result: NOTE
'LazyData' is specified without a 'data' directory
Flavors: r-oldrel-macos-arm64, r-oldrel-macos-x86_64, r-oldrel-windows-x86_64