CRAN Package Check Results for Package SelectBoost

Last updated on 2025-11-16 04:48:53 CET.

Flavor Version Tinstall Tcheck Ttotal Status Flags
r-devel-linux-x86_64-debian-clang 2.3.0 15.61 129.40 145.01 OK
r-devel-linux-x86_64-debian-gcc 2.3.0 11.29 96.82 108.11 NOTE
r-devel-linux-x86_64-fedora-clang 2.3.0 205.00 45.06 250.06 OK
r-devel-linux-x86_64-fedora-gcc 2.3.0 36.00 199.47 235.47 OK
r-devel-windows-x86_64 2.3.0 19.00 137.00 156.00 OK
r-patched-linux-x86_64 2.3.0 18.11 123.51 141.62 OK
r-release-linux-x86_64 2.3.0 15.77 126.20 141.97 OK
r-release-macos-arm64 2.3.0 7.00 66.00 73.00 OK
r-release-macos-x86_64 2.3.0 15.00 141.00 156.00 OK
r-release-windows-x86_64 2.3.0 17.00 136.00 153.00 OK
r-oldrel-macos-arm64 2.3.0 8.00 67.00 75.00 OK
r-oldrel-macos-x86_64 2.3.0 15.00 142.00 157.00 OK
r-oldrel-windows-x86_64 2.3.0 24.00 171.00 195.00 OK

Check Details

Version: 2.3.0
Check: CRAN incoming feasibility
Result: NOTE Maintainer: ‘Frederic Bertrand <frederic.bertrand@lecnam.net>’ The BugReports field in DESCRIPTION has https://github.com/fbertran/SelectBoost/issues/ which should likely be https://github.com/fbertran/SelectBoost/issues/issues instead. Flavor: r-devel-linux-x86_64-debian-gcc