Last updated on 2025-10-26 04:48:50 CET.
| Flavor | Version | Tinstall | Tcheck | Ttotal | Status | Flags |
|---|---|---|---|---|---|---|
| r-devel-linux-x86_64-debian-clang | 0.1.0 | 2.29 | 27.34 | 29.63 | NOTE | |
| r-devel-linux-x86_64-debian-gcc | 0.1.0 | 1.75 | 21.90 | 23.65 | NOTE | |
| r-devel-linux-x86_64-fedora-clang | 0.1.0 | 44.46 | OK | |||
| r-devel-linux-x86_64-fedora-gcc | 0.1.0 | 44.47 | OK | |||
| r-devel-windows-x86_64 | 0.1.0 | 3.00 | 50.00 | 53.00 | OK | |
| r-patched-linux-x86_64 | 0.1.0 | 2.47 | 27.48 | 29.95 | OK | |
| r-release-linux-x86_64 | 0.1.0 | 2.15 | 27.51 | 29.66 | OK | |
| r-release-macos-arm64 | 0.1.0 | 1.00 | 17.00 | 18.00 | OK | |
| r-release-macos-x86_64 | 0.1.0 | 2.00 | 30.00 | 32.00 | OK | |
| r-release-windows-x86_64 | 0.1.0 | 3.00 | 53.00 | 56.00 | OK | |
| r-oldrel-macos-arm64 | 0.1.0 | 1.00 | 17.00 | 18.00 | NOTE | |
| r-oldrel-macos-x86_64 | 0.1.0 | 2.00 | 24.00 | 26.00 | NOTE | |
| r-oldrel-windows-x86_64 | 0.1.0 | 3.00 | 59.00 | 62.00 | NOTE |
Version: 0.1.0
Check: CRAN incoming feasibility
Result: NOTE
Maintainer: ‘Ruiyan Luo <rluo@gsu.edu>’
No Authors@R field in DESCRIPTION.
Please add one, modifying
Authors@R: c(person(family = "Ruiyan",
role = c("aut", "cre"),
email = "rluo@gsu.edu"),
person(given = "Xin",
family = "Qi",
role = "aut"))
as necessary.
Flavors: r-devel-linux-x86_64-debian-clang, r-devel-linux-x86_64-debian-gcc
Version: 0.1.0
Check: LazyData
Result: NOTE
'LazyData' is specified without a 'data' directory
Flavors: r-oldrel-macos-arm64, r-oldrel-macos-x86_64, r-oldrel-windows-x86_64