Last updated on 2024-08-25 05:49:35 CEST.
Flavor | Version | Tinstall | Tcheck | Ttotal | Status | Flags |
---|---|---|---|---|---|---|
r-devel-linux-x86_64-debian-clang | 2.2.5 | 7.38 | 78.21 | 85.59 | OK | |
r-devel-linux-x86_64-debian-gcc | 2.2.5 | 5.23 | 62.72 | 67.95 | OK | |
r-devel-linux-x86_64-fedora-clang | 2.2.5 | 145.71 | OK | |||
r-devel-linux-x86_64-fedora-gcc | 2.2.5 | 150.23 | OK | |||
r-devel-windows-x86_64 | 2.2.5 | 9.00 | 95.00 | 104.00 | OK | |
r-patched-linux-x86_64 | 2.2.5 | 7.24 | 74.23 | 81.47 | OK | |
r-release-linux-x86_64 | 2.2.5 | 6.41 | 74.01 | 80.42 | OK | |
r-release-macos-arm64 | 2.2.5 | 53.00 | OK | |||
r-release-macos-x86_64 | 2.2.5 | 80.00 | OK | |||
r-release-windows-x86_64 | 2.2.5 | 10.00 | 95.00 | 105.00 | OK | |
r-oldrel-macos-arm64 | 2.2.5 | 58.00 | NOTE | |||
r-oldrel-macos-x86_64 | 2.2.5 | 86.00 | NOTE | |||
r-oldrel-windows-x86_64 | 2.2.5 | 12.00 | 118.00 | 130.00 | OK |
Version: 2.2.5
Check: package dependencies
Result: NOTE
Package suggested but not available for checking: ‘rhdf5’
Flavors: r-oldrel-macos-arm64, r-oldrel-macos-x86_64