Last updated on 2025-11-16 04:48:54 CET.
| Flavor | Version | Tinstall | Tcheck | Ttotal | Status | Flags |
|---|---|---|---|---|---|---|
| r-devel-linux-x86_64-debian-clang | 0.5.8 | 11.46 | 161.12 | 172.58 | OK | |
| r-devel-linux-x86_64-debian-gcc | 0.5.8 | 7.44 | 113.51 | 120.95 | NOTE | |
| r-devel-linux-x86_64-fedora-clang | 0.5.8 | 27.00 | 243.13 | 270.13 | OK | |
| r-devel-linux-x86_64-fedora-gcc | 0.5.8 | 26.00 | 244.29 | 270.29 | OK | |
| r-devel-windows-x86_64 | 0.5.8 | 16.00 | 160.00 | 176.00 | OK | |
| r-patched-linux-x86_64 | 0.5.8 | 12.31 | 150.07 | 162.38 | OK | |
| r-release-linux-x86_64 | 0.5.8 | 12.00 | 156.62 | 168.62 | OK | |
| r-release-macos-arm64 | 0.5.8 | 5.00 | 94.00 | 99.00 | OK | |
| r-release-macos-x86_64 | 0.5.8 | 12.00 | 138.00 | 150.00 | OK | |
| r-release-windows-x86_64 | 0.5.8 | 15.00 | 157.00 | 172.00 | OK | |
| r-oldrel-macos-arm64 | 0.5.8 | 5.00 | 91.00 | 96.00 | OK | |
| r-oldrel-macos-x86_64 | 0.5.8 | 10.00 | 149.00 | 159.00 | OK | |
| r-oldrel-windows-x86_64 | 0.5.8 | 20.00 | 220.00 | 240.00 | OK |
Version: 0.5.8
Check: CRAN incoming feasibility
Result: NOTE
Maintainer: ‘Tobias Fellinger <tobias.fellinger@ages.at>’
The BugReports field in DESCRIPTION has
https://github.com/SimNPH/SimNPH/issues/
which should likely be
https://github.com/SimNPH/SimNPH/issues/issues
instead.
Flavor: r-devel-linux-x86_64-debian-gcc