Last updated on 2024-08-25 05:49:35 CEST.
Flavor | Version | Tinstall | Tcheck | Ttotal | Status | Flags |
---|---|---|---|---|---|---|
r-devel-linux-x86_64-debian-clang | 1.6.2 | 43.71 | 77.69 | 121.40 | OK | |
r-devel-linux-x86_64-debian-gcc | 1.6.2 | 30.65 | 59.59 | 90.24 | OK | |
r-devel-linux-x86_64-fedora-clang | 1.6.2 | 191.90 | NOTE | |||
r-devel-linux-x86_64-fedora-gcc | 1.6.2 | 199.07 | NOTE | |||
r-devel-windows-x86_64 | 1.6.2 | 38.00 | 105.00 | 143.00 | NOTE | |
r-patched-linux-x86_64 | 1.6.2 | 36.60 | 77.35 | 113.95 | OK | |
r-release-linux-x86_64 | 1.6.2 | 42.14 | 76.75 | 118.89 | OK | |
r-release-macos-arm64 | 1.6.2 | 57.00 | NOTE | |||
r-release-macos-x86_64 | 1.6.2 | 86.00 | NOTE | |||
r-release-windows-x86_64 | 1.6.2 | 41.00 | 112.00 | 153.00 | NOTE | |
r-oldrel-macos-arm64 | 1.6.2 | 66.00 | NOTE | |||
r-oldrel-macos-x86_64 | 1.6.2 | 98.00 | NOTE | |||
r-oldrel-windows-x86_64 | 1.6.2 | 48.00 | 129.00 | 177.00 | NOTE |
Version: 1.6.2
Check: installed package size
Result: NOTE
installed size is 5.1Mb
sub-directories of 1Mb or more:
data 4.7Mb
Flavors: r-devel-linux-x86_64-fedora-clang, r-devel-windows-x86_64, r-release-macos-arm64, r-release-macos-x86_64, r-release-windows-x86_64, r-oldrel-macos-arm64, r-oldrel-macos-x86_64, r-oldrel-windows-x86_64
Version: 1.6.2
Check: dependencies in R code
Result: NOTE
Namespace in Imports field not imported from: ‘RcppEigen’
All declared Imports should be used.
Flavors: r-devel-linux-x86_64-fedora-clang, r-devel-linux-x86_64-fedora-gcc