Last updated on 2025-11-16 04:48:55 CET.
| Flavor | Version | Tinstall | Tcheck | Ttotal | Status | Flags |
|---|---|---|---|---|---|---|
| r-devel-linux-x86_64-debian-clang | 0.99.5 | 4.53 | 81.81 | 86.34 | NOTE | |
| r-devel-linux-x86_64-debian-gcc | 0.99.5 | 2.34 | 69.83 | 72.17 | NOTE | |
| r-devel-linux-x86_64-fedora-clang | 0.99.5 | 137.48 | NOTE | |||
| r-devel-linux-x86_64-fedora-gcc | 0.99.5 | 154.23 | NOTE | |||
| r-devel-windows-x86_64 | 0.99.5 | 6.00 | 137.00 | 143.00 | NOTE | |
| r-patched-linux-x86_64 | 0.99.5 | 4.36 | 80.31 | 84.67 | NOTE | |
| r-release-linux-x86_64 | 0.99.5 | 4.34 | 81.41 | 85.75 | NOTE | |
| r-release-macos-arm64 | 0.99.5 | 3.00 | 68.00 | 71.00 | NOTE | |
| r-release-macos-x86_64 | 0.99.5 | 4.00 | 175.00 | 179.00 | NOTE | |
| r-release-windows-x86_64 | 0.99.5 | 6.00 | 141.00 | 147.00 | NOTE | |
| r-oldrel-macos-arm64 | 0.99.5 | 2.00 | 56.00 | 58.00 | NOTE | |
| r-oldrel-macos-x86_64 | 0.99.5 | 4.00 | 172.00 | 176.00 | NOTE | |
| r-oldrel-windows-x86_64 | 0.99.5 | 8.00 | 158.00 | 166.00 | NOTE |
Version: 0.99.5
Check: Rd files
Result: NOTE
checkRd: (-1) mu_calc.Rd:32: Lost braces; missing escapes or markup?
32 | mu_{d} | mu_{d} < mu_{d-1} and mu_{d} | mu_{d} > mu_{d-1} respecitively.
| ^
checkRd: (-1) mu_calc.Rd:32: Lost braces; missing escapes or markup?
32 | mu_{d} | mu_{d} < mu_{d-1} and mu_{d} | mu_{d} > mu_{d-1} respecitively.
| ^
checkRd: (-1) mu_calc.Rd:32: Lost braces; missing escapes or markup?
32 | mu_{d} | mu_{d} < mu_{d-1} and mu_{d} | mu_{d} > mu_{d-1} respecitively.
| ^
checkRd: (-1) mu_calc.Rd:32: Lost braces; missing escapes or markup?
32 | mu_{d} | mu_{d} < mu_{d-1} and mu_{d} | mu_{d} > mu_{d-1} respecitively.
| ^
checkRd: (-1) mu_calc.Rd:32: Lost braces; missing escapes or markup?
32 | mu_{d} | mu_{d} < mu_{d-1} and mu_{d} | mu_{d} > mu_{d-1} respecitively.
| ^
checkRd: (-1) mu_calc.Rd:32: Lost braces; missing escapes or markup?
32 | mu_{d} | mu_{d} < mu_{d-1} and mu_{d} | mu_{d} > mu_{d-1} respecitively.
| ^
Flavors: r-devel-linux-x86_64-debian-clang, r-devel-linux-x86_64-debian-gcc, r-devel-linux-x86_64-fedora-clang, r-devel-linux-x86_64-fedora-gcc, r-devel-windows-x86_64, r-patched-linux-x86_64, r-release-linux-x86_64, r-release-macos-arm64, r-release-macos-x86_64, r-release-windows-x86_64, r-oldrel-macos-arm64, r-oldrel-macos-x86_64, r-oldrel-windows-x86_64