Last updated on 2024-08-25 05:49:36 CEST.
Flavor | Version | Tinstall | Tcheck | Ttotal | Status | Flags |
---|---|---|---|---|---|---|
r-devel-linux-x86_64-debian-clang | 1.6.3 | 12.84 | 93.28 | 106.12 | NOTE | |
r-devel-linux-x86_64-debian-gcc | 1.6.3 | 9.07 | 71.06 | 80.13 | NOTE | |
r-devel-linux-x86_64-fedora-clang | 1.6.3 | 169.47 | NOTE | |||
r-devel-linux-x86_64-fedora-gcc | 1.6.3 | 158.37 | NOTE | |||
r-devel-windows-x86_64 | 1.6.3 | 14.00 | 108.00 | 122.00 | NOTE | |
r-patched-linux-x86_64 | 1.6.3 | 12.56 | 89.48 | 102.04 | NOTE | |
r-release-linux-x86_64 | 1.6.3 | 11.48 | 88.78 | 100.26 | NOTE | |
r-release-macos-arm64 | 1.6.3 | 49.00 | NOTE | |||
r-release-macos-x86_64 | 1.6.3 | 79.00 | NOTE | |||
r-release-windows-x86_64 | 1.6.3 | 14.00 | 112.00 | 126.00 | NOTE | |
r-oldrel-macos-arm64 | 1.6.3 | 57.00 | OK | |||
r-oldrel-macos-x86_64 | 1.6.3 | 88.00 | OK | |||
r-oldrel-windows-x86_64 | 1.6.3 | 19.00 | 130.00 | 149.00 | OK |
Version: 1.6.3
Check: Rd files
Result: NOTE
checkRd: (-1) stamppFst.Rd:20: Lost braces
20 | \code{Fsts}{a matrix of pairwise Fst values between populations}
| ^
checkRd: (-1) stamppFst.Rd:21: Lost braces
21 | \code{Pvalues}{a matrix of p-values for each of the pairwise Fst values containined in the 'Fsts' matrix}
| ^
checkRd: (-1) stamppFst.Rd:22: Lost braces
22 | \code{Bootstraps}{a dataframe of each Fst value generated during Bootstrapping and the associated confidence intervals}
| ^
Flavors: r-devel-linux-x86_64-debian-clang, r-devel-linux-x86_64-debian-gcc, r-devel-linux-x86_64-fedora-clang, r-devel-linux-x86_64-fedora-gcc, r-devel-windows-x86_64, r-patched-linux-x86_64, r-release-linux-x86_64, r-release-macos-arm64, r-release-macos-x86_64, r-release-windows-x86_64