Last updated on 2025-02-22 04:51:30 CET.
Flavor | Version | Tinstall | Tcheck | Ttotal | Status | Flags |
---|---|---|---|---|---|---|
r-devel-linux-x86_64-debian-clang | 1.6.7 | 57.45 | 81.61 | 139.06 | NOTE | |
r-devel-linux-x86_64-debian-gcc | 1.6.7 | 38.81 | 52.57 | 91.38 | NOTE | |
r-devel-linux-x86_64-fedora-clang | 1.6.7 | 267.64 | NOTE | |||
r-devel-linux-x86_64-fedora-gcc | 1.6.7 | 240.09 | NOTE | |||
r-devel-macos-arm64 | 1.6.7 | 59.00 | NOTE | |||
r-devel-macos-x86_64 | 1.6.7 | 94.00 | NOTE | |||
r-devel-windows-x86_64 | 1.6.7 | 64.00 | 109.00 | 173.00 | NOTE | |
r-patched-linux-x86_64 | 1.6.7 | 53.56 | 75.89 | 129.45 | NOTE | |
r-release-linux-x86_64 | 1.6.7 | 52.02 | 76.16 | 128.18 | NOTE | |
r-release-macos-arm64 | 1.6.7 | 61.00 | NOTE | |||
r-release-macos-x86_64 | 1.6.7 | 77.00 | NOTE | |||
r-release-windows-x86_64 | 1.6.7 | 62.00 | 109.00 | 171.00 | NOTE | |
r-oldrel-macos-arm64 | 1.6.7 | 78.00 | OK | |||
r-oldrel-macos-x86_64 | 1.6.7 | 117.00 | OK | |||
r-oldrel-windows-x86_64 | 1.6.7 | 77.00 | 140.00 | 217.00 | OK |
Version: 1.6.7
Check: Rd files
Result: NOTE
checkRd: (-1) landmarkMatrixToList.Rd:10: Lost braces
10 | \item{semilandmark.pattern}{a regular expression pattern passed to \code{sub()} for identifying and grouping curve points. The default is landmark names ending in one or more numbers. To disable grouping, set to code{''}.}
| ^
Flavors: r-devel-linux-x86_64-debian-clang, r-devel-linux-x86_64-debian-gcc, r-devel-linux-x86_64-fedora-clang, r-devel-linux-x86_64-fedora-gcc, r-devel-macos-arm64, r-devel-macos-x86_64, r-devel-windows-x86_64, r-patched-linux-x86_64, r-release-linux-x86_64, r-release-macos-arm64, r-release-macos-x86_64, r-release-windows-x86_64