Last updated on 2025-10-25 05:50:20 CEST.
| Flavor | Version | Tinstall | Tcheck | Ttotal | Status | Flags |
|---|---|---|---|---|---|---|
| r-devel-linux-x86_64-debian-clang | 0.2.4.1 | 17.70 | 428.66 | 446.36 | OK | |
| r-devel-linux-x86_64-debian-gcc | 0.2.4.1 | 10.95 | 283.66 | 294.61 | OK | |
| r-devel-linux-x86_64-fedora-clang | 0.2.4.1 | 42.00 | 694.37 | 736.37 | OK | |
| r-devel-linux-x86_64-fedora-gcc | 0.2.4.1 | 33.00 | 660.53 | 693.53 | OK | |
| r-devel-windows-x86_64 | 0.2.4.1 | 20.00 | 446.00 | 466.00 | OK | |
| r-patched-linux-x86_64 | 0.2.4.1 | 16.37 | 409.74 | 426.11 | OK | |
| r-release-linux-x86_64 | 0.2.4.1 | 14.85 | 411.11 | 425.96 | OK | |
| r-release-macos-arm64 | 0.2.4.1 | 7.00 | 145.00 | 152.00 | OK | |
| r-release-macos-x86_64 | 0.2.4.1 | 16.00 | 475.00 | 491.00 | OK | |
| r-release-windows-x86_64 | 0.2.4.1 | 20.00 | 601.00 | 621.00 | ERROR | |
| r-oldrel-macos-arm64 | 0.2.4.1 | 7.00 | 151.00 | 158.00 | OK | |
| r-oldrel-macos-x86_64 | 0.2.4.1 | 13.00 | 312.00 | 325.00 | OK | |
| r-oldrel-windows-x86_64 | 0.2.4.1 | 25.00 | 500.00 | 525.00 | OK |
Version: 0.2.4.1
Check: tests
Result: ERROR
Running 'spelling.R' [0s]
Running 'testthat.R' [56s]
Running the tests in 'tests/testthat.R' failed.
Complete output:
> library(testthat)
> library(Superpower)
>
>
> test_check("Superpower")
[1] "condition_one" "sad_1"
[ FAIL 2 | WARN 18 | SKIP 13 | PASS 398 ]
══ Skipped tests (13) ══════════════════════════════════════════════════════════
• On CRAN (13): 'test-ANOVA_compromise.R:45:3', 'test-anova_exact.R:152:3',
'test-anova_power.R:93:3', 'test-anova_power.R:119:3',
'test-anova_power.R:160:3', 'test-anova_power.R:193:3',
'test-anova_power.R:232:3', 'test-emmeans_power.R:44:3',
'test-justifieR.R:29:3', 'test-plot_power.R:43:3', 'test-plot_power.R:102:3',
'test-plot_power.R:148:3', 'test-plot_power.R:169:3'
══ Failed tests ════════════════════════════════════════════════════════════════
── Failure ('test_sim_cor.R:36:3'): simulated correlations fit expected values ──
`res3` not equal to 0.
1/1 mismatches
[1] -0.00332 - 0 == -0.00332
── Failure ('test_sim_cor.R:38:3'): simulated correlations fit expected values ──
`res5` not equal to 0.
1/1 mismatches
[1] -0.00353 - 0 == -0.00353
[ FAIL 2 | WARN 18 | SKIP 13 | PASS 398 ]
Error: Test failures
Execution halted
Flavor: r-release-windows-x86_64