Last updated on 2025-02-22 04:51:31 CET.
Flavor | Version | Tinstall | Tcheck | Ttotal | Status | Flags |
---|---|---|---|---|---|---|
r-devel-linux-x86_64-debian-clang | 2.4.3 | 7.77 | 110.57 | 118.34 | NOTE | |
r-devel-linux-x86_64-debian-gcc | 2.4.3 | 5.23 | 76.60 | 81.83 | NOTE | |
r-devel-linux-x86_64-fedora-clang | 2.4.3 | 186.79 | OK | |||
r-devel-linux-x86_64-fedora-gcc | 2.4.3 | 192.05 | OK | |||
r-devel-macos-arm64 | 2.4.3 | 65.00 | OK | |||
r-devel-macos-x86_64 | 2.4.3 | 119.00 | OK | |||
r-devel-windows-x86_64 | 2.4.3 | 10.00 | 368.00 | 378.00 | NOTE | |
r-patched-linux-x86_64 | 2.4.3 | 15.20 | 102.91 | 118.11 | OK | |
r-release-linux-x86_64 | 2.4.3 | 8.01 | 105.08 | 113.09 | OK | |
r-release-macos-arm64 | 2.4.3 | 58.00 | OK | |||
r-release-macos-x86_64 | 2.4.3 | 128.00 | OK | |||
r-release-windows-x86_64 | 2.4.3 | 9.00 | 345.00 | 354.00 | OK | |
r-oldrel-macos-arm64 | 2.4.3 | 59.00 | OK | |||
r-oldrel-macos-x86_64 | 2.4.3 | 134.00 | OK | |||
r-oldrel-windows-x86_64 | 2.4.3 | 11.00 | 376.00 | 387.00 | OK |
Version: 2.4.3
Check: Rd cross-references
Result: NOTE
Found the following Rd file(s) with Rd \link{} targets missing package
anchors:
plot_taxa_ridges.Rd: scale_fill_gradient, theme_ridges,
geom_density_ridges
Please provide package anchors for all Rd \link{} targets not in the
package itself and the base packages.
Flavors: r-devel-linux-x86_64-debian-clang, r-devel-linux-x86_64-debian-gcc, r-devel-windows-x86_64