Last updated on 2025-02-22 04:51:31 CET.
Flavor | Version | Tinstall | Tcheck | Ttotal | Status | Flags |
---|---|---|---|---|---|---|
r-devel-linux-x86_64-debian-clang | 1.1.11 | 26.73 | 255.32 | 282.05 | NOTE | |
r-devel-linux-x86_64-debian-gcc | 1.1.11 | 18.04 | 176.91 | 194.95 | NOTE | |
r-devel-linux-x86_64-fedora-clang | 1.1.11 | 465.40 | NOTE | |||
r-devel-linux-x86_64-fedora-gcc | 1.1.11 | 470.85 | NOTE | |||
r-devel-macos-arm64 | 1.1.11 | 120.00 | OK | |||
r-devel-macos-x86_64 | 1.1.11 | 277.00 | OK | |||
r-devel-windows-x86_64 | 1.1.11 | 28.00 | 247.00 | 275.00 | OK | |
r-patched-linux-x86_64 | 1.1.11 | 29.49 | 240.40 | 269.89 | NOTE | |
r-release-linux-x86_64 | 1.1.11 | 27.70 | 241.18 | 268.88 | NOTE | |
r-release-macos-arm64 | 1.1.11 | 128.00 | OK | |||
r-release-macos-x86_64 | 1.1.11 | 347.00 | OK | |||
r-release-windows-x86_64 | 1.1.11 | 26.00 | 219.00 | 245.00 | OK | |
r-oldrel-macos-arm64 | 1.1.11 | 120.00 | OK | |||
r-oldrel-macos-x86_64 | 1.1.11 | 220.00 | OK | |||
r-oldrel-windows-x86_64 | 1.1.11 | 36.00 | 291.00 | 327.00 | OK |
Version: 1.1.11
Check: Rd cross-references
Result: NOTE
Unknown package ‘RClickhouse’ in Rd xrefs
Flavors: r-devel-linux-x86_64-debian-clang, r-devel-linux-x86_64-debian-gcc, r-devel-linux-x86_64-fedora-clang, r-devel-linux-x86_64-fedora-gcc, r-patched-linux-x86_64, r-release-linux-x86_64
Version: 1.1.11
Check: package dependencies
Result: NOTE
Package suggested but not available for checking: ‘RClickhouse’
Flavors: r-patched-linux-x86_64, r-release-linux-x86_64