Last updated on 2025-11-16 04:48:58 CET.
| Flavor | Version | Tinstall | Tcheck | Ttotal | Status | Flags |
|---|---|---|---|---|---|---|
| r-devel-linux-x86_64-debian-clang | 0.3.0 | 7.44 | 66.33 | 73.77 | OK | |
| r-devel-linux-x86_64-debian-gcc | 0.3.0 | 5.37 | 50.93 | 56.30 | OK | |
| r-devel-linux-x86_64-fedora-clang | 0.3.0 | 16.00 | 95.95 | 111.95 | NOTE | |
| r-devel-linux-x86_64-fedora-gcc | 0.3.0 | 16.00 | 92.95 | 108.95 | NOTE | |
| r-devel-windows-x86_64 | 0.3.0 | 11.00 | 77.00 | 88.00 | OK | |
| r-patched-linux-x86_64 | 0.3.0 | 7.38 | 66.40 | 73.78 | OK | |
| r-release-linux-x86_64 | 0.3.0 | 7.69 | 66.84 | 74.53 | OK | |
| r-release-macos-arm64 | 0.3.0 | 3.00 | 38.00 | 41.00 | OK | |
| r-release-macos-x86_64 | 0.3.0 | 7.00 | 62.00 | 69.00 | OK | |
| r-release-windows-x86_64 | 0.3.0 | 9.00 | 78.00 | 87.00 | OK | |
| r-oldrel-macos-arm64 | 0.3.0 | 4.00 | 33.00 | 37.00 | OK | |
| r-oldrel-macos-x86_64 | 0.3.0 | 5.00 | 48.00 | 53.00 | OK | |
| r-oldrel-windows-x86_64 | 0.3.0 | 12.00 | 97.00 | 109.00 | OK |
Version: 0.3.0
Check: dependencies in R code
Result: NOTE
Namespace in Imports field not imported from: ‘hdi’
All declared Imports should be used.
Flavors: r-devel-linux-x86_64-fedora-clang, r-devel-linux-x86_64-fedora-gcc