Last updated on 2025-10-26 04:48:53 CET.
| Flavor | Version | Tinstall | Tcheck | Ttotal | Status | Flags |
|---|---|---|---|---|---|---|
| r-devel-linux-x86_64-debian-clang | 1.0 | 2.38 | 29.70 | 32.08 | NOTE | |
| r-devel-linux-x86_64-debian-gcc | 1.0 | 2.02 | 23.62 | 25.64 | NOTE | |
| r-devel-linux-x86_64-fedora-clang | 1.0 | 15.00 | 34.31 | 49.31 | OK | |
| r-devel-linux-x86_64-fedora-gcc | 1.0 | 48.50 | NOTE | |||
| r-devel-windows-x86_64 | 1.0 | 3.00 | 171.00 | 174.00 | OK | |
| r-patched-linux-x86_64 | 1.0 | 2.83 | 28.24 | 31.07 | OK | |
| r-release-linux-x86_64 | 1.0 | 2.21 | 28.60 | 30.81 | OK | |
| r-release-macos-arm64 | 1.0 | 2.00 | 19.00 | 21.00 | OK | |
| r-release-macos-x86_64 | 1.0 | 2.00 | 33.00 | 35.00 | OK | |
| r-release-windows-x86_64 | 1.0 | 4.00 | 55.00 | 59.00 | OK | |
| r-oldrel-macos-arm64 | 1.0 | 2.00 | 23.00 | 25.00 | OK | |
| r-oldrel-macos-x86_64 | 1.0 | 2.00 | 43.00 | 45.00 | OK | |
| r-oldrel-windows-x86_64 | 1.0 | 9.00 | 60.00 | 69.00 | OK |
Version: 1.0
Check: Rd files
Result: NOTE
checkRd: (-1) tpxg-package.Rd:12-18: Only 3 columns allowed in this table (row 1 has 2)
checkRd: (-1) tpxg-package.Rd:12-18: Only 3 columns allowed in this table (row 2 has 2)
checkRd: (-1) tpxg-package.Rd:12-18: Only 3 columns allowed in this table (row 3 has 2)
checkRd: (-1) tpxg-package.Rd:12-18: Only 3 columns allowed in this table (row 4 has 2)
checkRd: (-1) tpxg-package.Rd:12-18: Only 3 columns allowed in this table (row 5 has 2)
Flavors: r-devel-linux-x86_64-debian-clang, r-devel-linux-x86_64-debian-gcc, r-devel-linux-x86_64-fedora-gcc