Last updated on 2025-10-26 04:48:53 CET.
| Flavor | Version | Tinstall | Tcheck | Ttotal | Status | Flags |
|---|---|---|---|---|---|---|
| r-devel-linux-x86_64-debian-clang | 0.9 | 3.19 | 25.29 | 28.48 | OK | |
| r-devel-linux-x86_64-debian-gcc | 0.9 | 2.60 | 19.81 | 22.41 | OK | |
| r-devel-linux-x86_64-fedora-clang | 0.9 | 44.40 | OK | |||
| r-devel-linux-x86_64-fedora-gcc | 0.9 | 40.78 | OK | |||
| r-devel-windows-x86_64 | 0.9 | 7.00 | 135.00 | 142.00 | OK | |
| r-patched-linux-x86_64 | 0.9 | 2.81 | 23.20 | 26.01 | OK | |
| r-release-linux-x86_64 | 0.9 | 2.93 | 23.87 | 26.80 | OK | |
| r-release-macos-arm64 | 0.9 | 3.00 | 19.00 | 22.00 | OK | |
| r-release-macos-x86_64 | 0.9 | 4.00 | 38.00 | 42.00 | OK | |
| r-release-windows-x86_64 | 0.9 | 7.00 | 49.00 | 56.00 | OK | |
| r-oldrel-macos-arm64 | 0.9 | 3.00 | 17.00 | 20.00 | NOTE | |
| r-oldrel-macos-x86_64 | 0.9 | 4.00 | 28.00 | 32.00 | NOTE | |
| r-oldrel-windows-x86_64 | 0.9 | 7.00 | 130.00 | 137.00 | NOTE |
Version: 0.9
Check: LazyData
Result: NOTE
'LazyData' is specified without a 'data' directory
Flavors: r-oldrel-macos-arm64, r-oldrel-macos-x86_64, r-oldrel-windows-x86_64