Last updated on 2025-10-25 05:50:23 CEST.
| Flavor | Version | Tinstall | Tcheck | Ttotal | Status | Flags |
|---|---|---|---|---|---|---|
| r-devel-linux-x86_64-debian-clang | 1.1.0 | 36.06 | 139.44 | 175.50 | NOTE | |
| r-devel-linux-x86_64-debian-gcc | 1.1.0 | 26.17 | 102.65 | 128.82 | NOTE | |
| r-devel-linux-x86_64-fedora-clang | 1.1.0 | 84.00 | 211.93 | 295.93 | NOTE | |
| r-devel-linux-x86_64-fedora-gcc | 1.1.0 | 75.00 | 217.47 | 292.47 | NOTE | |
| r-devel-windows-x86_64 | 1.1.0 | 46.00 | 151.00 | 197.00 | NOTE | |
| r-patched-linux-x86_64 | 1.1.0 | 40.13 | 134.30 | 174.43 | NOTE | |
| r-release-linux-x86_64 | 1.1.0 | 38.90 | 133.35 | 172.25 | NOTE | |
| r-release-macos-arm64 | 1.1.0 | 22.00 | 93.00 | 115.00 | NOTE | |
| r-release-macos-x86_64 | 1.1.0 | 19.00 | 122.00 | 141.00 | NOTE | |
| r-release-windows-x86_64 | 1.1.0 | 47.00 | 308.00 | 355.00 | NOTE | |
| r-oldrel-macos-arm64 | 1.1.0 | 16.00 | 58.00 | 74.00 | NOTE | |
| r-oldrel-macos-x86_64 | 1.1.0 | 21.00 | 89.00 | 110.00 | NOTE | |
| r-oldrel-windows-x86_64 | 1.1.0 | 56.00 | 197.00 | 253.00 | NOTE |
Version: 1.1.0
Check: CRAN incoming feasibility
Result: NOTE
Maintainer: ‘Peter Laurinec <tsreprpackage@gmail.com>’
Package CITATION file contains call(s) to old-style citEntry(). Please
use bibentry() instead.
Flavors: r-devel-linux-x86_64-debian-clang, r-devel-linux-x86_64-debian-gcc
Version: 1.1.0
Check: Rd files
Result: NOTE
checkRd: (-1) repr_dwt.Rd:28: Lost braces; missing escapes or markup?
28 | The final representation has length equal to floor(n / 2^{level}), where n is a length of original time series.
| ^
Flavors: r-devel-linux-x86_64-debian-clang, r-devel-linux-x86_64-debian-gcc, r-devel-linux-x86_64-fedora-clang, r-devel-linux-x86_64-fedora-gcc, r-devel-windows-x86_64, r-patched-linux-x86_64, r-release-linux-x86_64, r-release-macos-arm64, r-release-macos-x86_64, r-release-windows-x86_64, r-oldrel-macos-arm64, r-oldrel-macos-x86_64, r-oldrel-windows-x86_64