Last updated on 2024-08-25 05:49:37 CEST.
Flavor | Version | Tinstall | Tcheck | Ttotal | Status | Flags |
---|---|---|---|---|---|---|
r-devel-linux-x86_64-debian-clang | 0.12.10 | 15.17 | 117.34 | 132.51 | NOTE | |
r-devel-linux-x86_64-debian-gcc | 0.12.10 | 10.86 | 84.96 | 95.82 | NOTE | |
r-devel-linux-x86_64-fedora-clang | 0.12.10 | 228.66 | OK | |||
r-devel-linux-x86_64-fedora-gcc | 0.12.10 | 225.20 | OK | |||
r-devel-windows-x86_64 | 0.12.10 | 17.00 | 123.00 | 140.00 | NOTE | |
r-patched-linux-x86_64 | 0.12.10 | 21.31 | 111.35 | 132.66 | OK | |
r-release-linux-x86_64 | 0.12.10 | 14.15 | 111.05 | 125.20 | OK | |
r-release-macos-arm64 | 0.12.10 | 59.00 | OK | |||
r-release-macos-x86_64 | 0.12.10 | 91.00 | OK | |||
r-release-windows-x86_64 | 0.12.10 | 17.00 | 122.00 | 139.00 | OK | |
r-oldrel-macos-arm64 | 0.12.10 | 76.00 | NOTE | |||
r-oldrel-macos-x86_64 | 0.12.10 | 91.00 | NOTE | |||
r-oldrel-windows-x86_64 | 0.12.10 | 22.00 | 251.00 | 273.00 | OK |
Version: 0.12.10
Check: Rd cross-references
Result: NOTE
Found the following Rd file(s) with Rd \link{} targets missing package
anchors:
plot1GS.Rd: element_text, +.gg
plotFit.GS.Rd: +.gg
plotMultipleGS.Rd: element_text, +.gg
plotPat.1GS.Rd: element_text, +.gg
plotSelect.GS.Rd: element_text, +.gg
Please provide package anchors for all Rd \link{} targets not in the
package itself and the base packages.
Flavors: r-devel-linux-x86_64-debian-clang, r-devel-linux-x86_64-debian-gcc, r-devel-windows-x86_64
Version: 0.12.10
Check: package dependencies
Result: NOTE
Packages suggested but not available for checking: 'dearseq', 'GEOquery'
Flavor: r-oldrel-macos-arm64
Version: 0.12.10
Check: Rd cross-references
Result: NOTE
Package unavailable to check Rd xrefs: ‘dearseq’
Flavors: r-oldrel-macos-arm64, r-oldrel-macos-x86_64
Version: 0.12.10
Check: package dependencies
Result: NOTE
Package suggested but not available for checking: ‘dearseq’
Flavor: r-oldrel-macos-x86_64