Last updated on 2025-11-16 04:48:58 CET.
| Flavor | Version | Tinstall | Tcheck | Ttotal | Status | Flags |
|---|---|---|---|---|---|---|
| r-devel-linux-x86_64-debian-clang | 2.3.5 | 7.11 | 131.49 | 138.60 | OK | |
| r-devel-linux-x86_64-debian-gcc | 2.3.5 | 4.26 | 105.95 | 110.21 | NOTE | |
| r-devel-linux-x86_64-fedora-clang | 2.3.5 | 14.00 | 176.05 | 190.05 | OK | |
| r-devel-linux-x86_64-fedora-gcc | 2.3.5 | 14.00 | 190.89 | 204.89 | OK | |
| r-devel-windows-x86_64 | 2.3.5 | 11.00 | 237.00 | 248.00 | OK | |
| r-patched-linux-x86_64 | 2.3.5 | 7.51 | 126.75 | 134.26 | OK | |
| r-release-linux-x86_64 | 2.3.5 | 6.55 | 130.14 | 136.69 | OK | |
| r-release-macos-arm64 | 2.3.5 | 3.00 | 55.00 | 58.00 | OK | |
| r-release-macos-x86_64 | 2.3.5 | 6.00 | 97.00 | 103.00 | OK | |
| r-release-windows-x86_64 | 2.3.5 | 10.00 | 349.00 | 359.00 | OK | |
| r-oldrel-macos-arm64 | 2.3.5 | 3.00 | 58.00 | 61.00 | NOTE | |
| r-oldrel-macos-x86_64 | 2.3.5 | 6.00 | 101.00 | 107.00 | NOTE | |
| r-oldrel-windows-x86_64 | 2.3.5 | 13.00 | 167.00 | 180.00 | NOTE |
Version: 2.3.5
Check: CRAN incoming feasibility
Result: NOTE
Maintainer: ‘Martin R. Smith <martin.smith@durham.ac.uk>’
The BugReports field in DESCRIPTION has
https://github.com/ms609/Ternary/issues/
which should likely be
https://github.com/ms609/Ternary/issues/issues
instead.
Flavor: r-devel-linux-x86_64-debian-gcc
Version: 2.3.5
Check: installed package size
Result: NOTE
installed size is 6.4Mb
sub-directories of 1Mb or more:
doc 5.4Mb
Flavors: r-oldrel-macos-arm64, r-oldrel-macos-x86_64, r-oldrel-windows-x86_64