CRAN Package Check Results for Package TestDesign

Last updated on 2025-11-16 04:48:58 CET.

Flavor Version Tinstall Tcheck Ttotal Status Flags
r-devel-linux-x86_64-debian-clang 1.7.0 105.52 362.76 468.28 OK
r-devel-linux-x86_64-debian-gcc 1.7.0 60.79 241.40 302.19 NOTE
r-devel-linux-x86_64-fedora-clang 1.7.0 543.00 324.96 867.96 OK
r-devel-linux-x86_64-fedora-gcc 1.7.0 177.00 594.82 771.82 OK
r-devel-windows-x86_64 1.7.0 135.00 451.00 586.00 OK
r-patched-linux-x86_64 1.7.0 103.74 348.46 452.20 OK
r-release-linux-x86_64 1.7.0 101.20 349.12 450.32 OK
r-release-macos-arm64 1.7.0 54.00 256.00 310.00 OK
r-release-macos-x86_64 1.7.0 43.00 361.00 404.00 OK
r-release-windows-x86_64 1.7.0 124.00 383.00 507.00 OK
r-oldrel-macos-arm64 1.7.0 43.00 150.00 193.00 NOTE
r-oldrel-macos-x86_64 1.7.0 68.00 487.00 555.00 NOTE
r-oldrel-windows-x86_64 1.7.0 151.00 515.00 666.00 NOTE

Check Details

Version: 1.7.0
Check: CRAN incoming feasibility
Result: NOTE Maintainer: ‘Seung W. Choi <schoi@austin.utexas.edu>’ The BugReports field in DESCRIPTION has https://github.com/choi-phd/TestDesign/issues/ which should likely be https://github.com/choi-phd/TestDesign/issues/issues instead. Flavor: r-devel-linux-x86_64-debian-gcc

Version: 1.7.0
Check: package dependencies
Result: NOTE Package suggested but not available for checking: ‘gurobi’ Flavors: r-oldrel-macos-arm64, r-oldrel-macos-x86_64, r-oldrel-windows-x86_64

Version: 1.7.0
Check: installed package size
Result: NOTE installed size is 9.1Mb sub-directories of 1Mb or more: libs 6.5Mb Flavors: r-oldrel-macos-arm64, r-oldrel-macos-x86_64