Last updated on 2025-02-21 04:52:09 CET.
Flavor | Version | Tinstall | Tcheck | Ttotal | Status | Flags |
---|---|---|---|---|---|---|
r-devel-linux-x86_64-debian-clang | 1.2.3 | 29.56 | 315.77 | 345.33 | OK | |
r-devel-linux-x86_64-debian-gcc | 1.2.3 | 22.35 | 208.86 | 231.21 | OK | |
r-devel-linux-x86_64-fedora-clang | 1.2.3 | 530.67 | OK | |||
r-devel-linux-x86_64-fedora-gcc | 1.2.3 | 553.52 | OK | |||
r-devel-macos-arm64 | 1.2.3 | 176.00 | OK | |||
r-devel-macos-x86_64 | 1.2.3 | 371.00 | OK | |||
r-devel-windows-x86_64 | 1.2.3 | 35.00 | 373.00 | 408.00 | OK | |
r-patched-linux-x86_64 | 1.2.3 | 30.05 | 295.28 | 325.33 | OK | |
r-release-linux-x86_64 | 1.2.3 | 30.72 | 297.89 | 328.61 | OK | |
r-release-macos-arm64 | 1.2.3 | 165.00 | NOTE | |||
r-release-macos-x86_64 | 1.2.3 | 264.00 | NOTE | |||
r-release-windows-x86_64 | 1.2.3 | 37.00 | 366.00 | 403.00 | OK | |
r-oldrel-macos-arm64 | 1.2.3 | 186.00 | NOTE | |||
r-oldrel-macos-x86_64 | 1.2.3 | 439.00 | NOTE | |||
r-oldrel-windows-x86_64 | 1.2.3 | 42.00 | 456.00 | 498.00 | OK |
Version: 1.2.3
Check: installed package size
Result: NOTE
installed size is 5.8Mb
sub-directories of 1Mb or more:
doc 1.7Mb
libs 3.5Mb
Flavors: r-release-macos-arm64, r-release-macos-x86_64, r-oldrel-macos-arm64, r-oldrel-macos-x86_64