Last updated on 2025-11-16 04:48:58 CET.
| Flavor | Version | Tinstall | Tcheck | Ttotal | Status | Flags |
|---|---|---|---|---|---|---|
| r-devel-linux-x86_64-debian-clang | 1.0 | 11.29 | 99.19 | 110.48 | OK | |
| r-devel-linux-x86_64-debian-gcc | 1.0 | 8.19 | 74.64 | 82.83 | OK | |
| r-devel-linux-x86_64-fedora-clang | 1.0 | 21.00 | 151.50 | 172.50 | OK | |
| r-devel-linux-x86_64-fedora-gcc | 1.0 | 23.00 | 161.11 | 184.11 | OK | |
| r-devel-windows-x86_64 | 1.0 | 13.00 | 100.00 | 113.00 | OK | |
| r-patched-linux-x86_64 | 1.0 | 9.89 | 94.79 | 104.68 | OK | |
| r-release-linux-x86_64 | 1.0 | 9.25 | 95.83 | 105.08 | OK | |
| r-release-macos-arm64 | 1.0 | 4.00 | 44.00 | 48.00 | OK | |
| r-release-macos-x86_64 | 1.0 | 8.00 | 83.00 | 91.00 | OK | |
| r-release-windows-x86_64 | 1.0 | 13.00 | 217.00 | 230.00 | OK | |
| r-oldrel-macos-arm64 | 1.0 | 4.00 | 46.00 | 50.00 | NOTE | |
| r-oldrel-macos-x86_64 | 1.0 | 7.00 | 64.00 | 71.00 | NOTE | |
| r-oldrel-windows-x86_64 | 1.0 | 17.00 | 129.00 | 146.00 | NOTE |
Version: 1.0
Check: package dependencies
Result: NOTE
Package suggested but not available for checking: ‘gurobi’
Flavors: r-oldrel-macos-arm64, r-oldrel-macos-x86_64, r-oldrel-windows-x86_64