CRAN Package Check Results for Package TreeSearch

Last updated on 2025-11-16 04:48:58 CET.

Flavor Version Tinstall Tcheck Ttotal Status Flags
r-devel-linux-x86_64-debian-clang 1.7.0 29.56 275.42 304.98 OK
r-devel-linux-x86_64-debian-gcc 1.7.0 23.05 188.16 211.21 NOTE
r-devel-linux-x86_64-fedora-clang 1.7.0 93.00 419.28 512.28 OK
r-devel-linux-x86_64-fedora-gcc 1.7.0 75.00 431.50 506.50 OK
r-devel-windows-x86_64 1.7.0 59.00 288.00 347.00 OK
r-patched-linux-x86_64 1.7.0 36.08 266.85 302.93 OK
r-release-linux-x86_64 1.7.0 31.38 265.72 297.10 OK
r-release-macos-arm64 1.7.0 13.00 112.00 125.00 OK
r-release-macos-x86_64 1.7.0 46.00 240.00 286.00 OK
r-release-windows-x86_64 1.7.0 48.00 279.00 327.00 OK
r-oldrel-macos-arm64 1.7.0 14.00 117.00 131.00 NOTE
r-oldrel-macos-x86_64 1.7.0 20.00 304.00 324.00 NOTE
r-oldrel-windows-x86_64 1.7.0 54.00 457.00 511.00 NOTE

Check Details

Version: 1.7.0
Check: CRAN incoming feasibility
Result: NOTE Maintainer: ‘Martin R. Smith <martin.smith@durham.ac.uk>’ The BugReports field in DESCRIPTION has https://github.com/ms609/TreeSearch/issues/ which should likely be https://github.com/ms609/TreeSearch/issues/issues instead. Flavor: r-devel-linux-x86_64-debian-gcc

Version: 1.7.0
Check: installed package size
Result: NOTE installed size is 6.3Mb sub-directories of 1Mb or more: datasets 1.6Mb doc 1.3Mb libs 1.7Mb Flavors: r-oldrel-macos-arm64, r-oldrel-macos-x86_64, r-oldrel-windows-x86_64