Last updated on 2024-07-22 05:50:06 CEST.
Flavor | Version | Tinstall | Tcheck | Ttotal | Status | Flags |
---|---|---|---|---|---|---|
r-devel-linux-x86_64-debian-clang | 1.11.1 | 100.12 | 199.74 | 299.86 | OK | |
r-devel-linux-x86_64-debian-gcc | 1.11.1 | 69.06 | 142.26 | 211.32 | NOTE | |
r-devel-linux-x86_64-fedora-clang | 1.11.1 | 378.47 | OK | |||
r-devel-linux-x86_64-fedora-gcc | 1.11.1 | 395.53 | OK | |||
r-devel-windows-x86_64 | 1.11.1 | 82.00 | 200.00 | 282.00 | NOTE | |
r-patched-linux-x86_64 | 1.11.1 | 95.10 | 187.02 | 282.12 | OK | |
r-release-linux-x86_64 | 1.11.1 | 86.11 | 183.26 | 269.37 | OK | |
r-release-macos-arm64 | 1.11.1 | 98.00 | NOTE | |||
r-release-macos-x86_64 | 1.11.1 | 240.00 | NOTE | |||
r-release-windows-x86_64 | 1.11.1 | 80.00 | 200.00 | 280.00 | OK | |
r-oldrel-macos-arm64 | 1.11.1 | 101.00 | NOTE | |||
r-oldrel-macos-x86_64 | 1.11.1 | 188.00 | NOTE | |||
r-oldrel-windows-x86_64 | 1.11.1 | 100.00 | 250.00 | 350.00 | OK |
Version: 1.11.1
Check: Rd cross-references
Result: NOTE
Found the following Rd file(s) with Rd \link{} targets missing package
anchors:
AddTip.Rd: bind.tree
AncestorEdge.Rd: phylo
DescendantEdges.Rd: phylo
EdgeAncestry.Rd: phylo
ListAncestors.Rd: phylo
Neworder.Rd: phylo
ReadCharacters.Rd: read.nexus.data
Reorder.Rd: phylo
Subtree.Rd: phylo, extract.clade
TipLabels.Rd: rtree
TreeShape.Rd: addMemoization
sapply64.Rd: bit64-package
Please provide package anchors for all Rd \link{} targets not in the
package itself and the base packages.
Flavors: r-devel-linux-x86_64-debian-gcc, r-devel-windows-x86_64
Version: 1.11.1
Check: installed package size
Result: NOTE
installed size is 5.5Mb
sub-directories of 1Mb or more:
R 1.1Mb
libs 3.4Mb
Flavors: r-release-macos-arm64, r-release-macos-x86_64, r-oldrel-macos-arm64, r-oldrel-macos-x86_64