CRAN Package Check Results for Package USgrid

Last updated on 2025-11-16 04:48:59 CET.

Flavor Version Tinstall Tcheck Ttotal Status Flags
r-devel-linux-x86_64-debian-clang 0.1.2 2.68 29.86 32.54 OK
r-devel-linux-x86_64-debian-gcc 0.1.2 2.18 23.43 25.61 OK
r-devel-linux-x86_64-fedora-clang 0.1.2 47.89 NOTE
r-devel-linux-x86_64-fedora-gcc 0.1.2 48.08 NOTE
r-devel-windows-x86_64 0.1.2 6.00 52.00 58.00 OK
r-patched-linux-x86_64 0.1.2 2.84 26.80 29.64 OK
r-release-linux-x86_64 0.1.2 3.13 26.76 29.89 OK
r-release-macos-arm64 0.1.2 2.00 18.00 20.00 OK
r-release-macos-x86_64 0.1.2 3.00 36.00 39.00 OK
r-release-windows-x86_64 0.1.2 5.00 50.00 55.00 OK
r-oldrel-macos-arm64 0.1.2 3.00 18.00 21.00 OK
r-oldrel-macos-x86_64 0.1.2 4.00 25.00 29.00 OK
r-oldrel-windows-x86_64 0.1.2 6.00 60.00 66.00 OK

Check Details

Version: 0.1.2
Check: dependencies in R code
Result: NOTE Namespace in Imports field not imported from: ‘tsibble’ All declared Imports should be used. Flavors: r-devel-linux-x86_64-fedora-clang, r-devel-linux-x86_64-fedora-gcc