Last updated on 2025-11-16 04:49:00 CET.
| Flavor | Version | Tinstall | Tcheck | Ttotal | Status | Flags |
|---|---|---|---|---|---|---|
| r-devel-linux-x86_64-debian-clang | 0.1.0 | 1.94 | 24.11 | 26.05 | OK | |
| r-devel-linux-x86_64-debian-gcc | 0.1.0 | 1.52 | 20.06 | 21.58 | OK | |
| r-devel-linux-x86_64-fedora-clang | 0.1.0 | 40.83 | NOTE | |||
| r-devel-linux-x86_64-fedora-gcc | 0.1.0 | 63.39 | NOTE | |||
| r-devel-windows-x86_64 | 0.1.0 | 5.00 | 42.00 | 47.00 | OK | |
| r-patched-linux-x86_64 | 0.1.0 | 2.06 | 23.08 | 25.14 | OK | |
| r-release-linux-x86_64 | 0.1.0 | 1.91 | 23.50 | 25.41 | OK | |
| r-release-macos-arm64 | 0.1.0 | 1.00 | 24.00 | 25.00 | OK | |
| r-release-macos-x86_64 | 0.1.0 | 2.00 | 41.00 | 43.00 | OK | |
| r-release-windows-x86_64 | 0.1.0 | 3.00 | 42.00 | 45.00 | OK | |
| r-oldrel-macos-arm64 | 0.1.0 | 1.00 | 26.00 | 27.00 | OK | |
| r-oldrel-macos-x86_64 | 0.1.0 | 2.00 | 33.00 | 35.00 | OK | |
| r-oldrel-windows-x86_64 | 0.1.0 | 5.00 | 51.00 | 56.00 | OK |
Version: 0.1.0
Check: dependencies in R code
Result: NOTE
Namespace in Imports field not imported from: ‘sna’
All declared Imports should be used.
Flavors: r-devel-linux-x86_64-fedora-clang, r-devel-linux-x86_64-fedora-gcc