Last updated on 2025-02-21 04:52:11 CET.
Flavor | Version | Tinstall | Tcheck | Ttotal | Status | Flags |
---|---|---|---|---|---|---|
r-devel-linux-x86_64-debian-clang | 0.99.19.1 | 56.10 | 24.88 | 80.98 | NOTE | |
r-devel-linux-x86_64-debian-gcc | 0.99.19.1 | 41.63 | 19.55 | 61.18 | NOTE | |
r-devel-linux-x86_64-fedora-clang | 0.99.19.1 | 159.39 | NOTE | |||
r-devel-linux-x86_64-fedora-gcc | 0.99.19.1 | 148.43 | NOTE | |||
r-devel-macos-arm64 | 0.99.19.1 | 35.00 | NOTE | |||
r-devel-macos-x86_64 | 0.99.19.1 | 47.00 | NOTE | |||
r-devel-windows-x86_64 | 0.99.19.1 | 58.00 | 74.00 | 132.00 | NOTE | |
r-patched-linux-x86_64 | 0.99.19.1 | 59.67 | 23.54 | 83.21 | NOTE | |
r-release-linux-x86_64 | 0.99.19.1 | 59.01 | 23.46 | 82.47 | NOTE | |
r-release-macos-arm64 | 0.99.19.1 | 40.00 | NOTE | |||
r-release-macos-x86_64 | 0.99.19.1 | 45.00 | NOTE | |||
r-release-windows-x86_64 | 0.99.19.1 | 61.00 | 74.00 | 135.00 | NOTE | |
r-oldrel-macos-arm64 | 0.99.19.1 | 45.00 | OK | |||
r-oldrel-macos-x86_64 | 0.99.19.1 | 80.00 | OK | |||
r-oldrel-windows-x86_64 | 0.99.19.1 | 59.00 | 86.00 | 145.00 | OK |
Version: 0.99.19.1
Check: Rd files
Result: NOTE
checkRd: (-1) xbrlSECdev01.Rd:20: Lost braces in \itemize; meant \describe ?
Flavors: r-devel-linux-x86_64-debian-clang, r-devel-linux-x86_64-debian-gcc, r-devel-linux-x86_64-fedora-clang, r-devel-linux-x86_64-fedora-gcc, r-devel-macos-arm64, r-devel-macos-x86_64, r-devel-windows-x86_64, r-patched-linux-x86_64, r-release-linux-x86_64, r-release-macos-arm64, r-release-macos-x86_64, r-release-windows-x86_64