Last updated on 2025-10-25 05:50:25 CEST.
| Flavor | Version | Tinstall | Tcheck | Ttotal | Status | Flags |
|---|---|---|---|---|---|---|
| r-devel-linux-x86_64-debian-clang | 1.2.2 | 11.95 | 160.86 | 172.81 | OK | |
| r-devel-linux-x86_64-debian-gcc | 1.2.2 | 8.01 | 119.10 | 127.11 | OK | |
| r-devel-linux-x86_64-fedora-clang | 1.2.2 | 24.00 | 229.56 | 253.56 | OK | |
| r-devel-linux-x86_64-fedora-gcc | 1.2.2 | 22.00 | 233.71 | 255.71 | OK | |
| r-devel-windows-x86_64 | 1.2.2 | 21.00 | 258.00 | 279.00 | OK | |
| r-patched-linux-x86_64 | 1.2.2 | 15.17 | 156.03 | 171.20 | OK | |
| r-release-linux-x86_64 | 1.2.2 | 11.70 | 156.79 | 168.49 | OK | |
| r-release-macos-arm64 | 1.2.2 | 24.00 | 96.00 | 120.00 | OK | |
| r-release-macos-x86_64 | 1.2.2 | 29.00 | 186.00 | 215.00 | OK | |
| r-release-windows-x86_64 | 1.2.2 | 23.00 | 264.00 | 287.00 | OK | |
| r-oldrel-macos-arm64 | 1.2.2 | 26.00 | 69.00 | 95.00 | NOTE | |
| r-oldrel-macos-x86_64 | 1.2.2 | 29.00 | 201.00 | 230.00 | NOTE | |
| r-oldrel-windows-x86_64 | 1.2.2 | 28.00 | 295.00 | 323.00 | NOTE |
Version: 1.2.2
Check: installed package size
Result: NOTE
installed size is 31.7Mb
sub-directories of 1Mb or more:
java 29.2Mb
Flavors: r-oldrel-macos-arm64, r-oldrel-macos-x86_64, r-oldrel-windows-x86_64