Last updated on 2025-10-26 04:48:55 CET.
| Flavor | Version | Tinstall | Tcheck | Ttotal | Status | Flags |
|---|---|---|---|---|---|---|
| r-devel-linux-x86_64-debian-clang | 4.0.4 | 1.49 | 17.58 | 19.07 | NOTE | |
| r-devel-linux-x86_64-debian-gcc | 4.0.4 | 1.16 | 14.79 | 15.95 | NOTE | |
| r-devel-linux-x86_64-fedora-clang | 4.0.4 | 28.96 | NOTE | |||
| r-devel-linux-x86_64-fedora-gcc | 4.0.4 | 26.47 | NOTE | |||
| r-devel-windows-x86_64 | 4.0.4 | 3.00 | 35.00 | 38.00 | OK | |
| r-patched-linux-x86_64 | 4.0.4 | 1.45 | 16.62 | 18.07 | OK | |
| r-release-linux-x86_64 | 4.0.4 | 1.61 | 16.46 | 18.07 | OK | |
| r-release-macos-arm64 | 4.0.4 | 1.00 | 12.00 | 13.00 | OK | |
| r-release-macos-x86_64 | 4.0.4 | 1.00 | 21.00 | 22.00 | OK | |
| r-release-windows-x86_64 | 4.0.4 | 3.00 | 37.00 | 40.00 | OK | |
| r-oldrel-macos-arm64 | 4.0.4 | 1.00 | 14.00 | 15.00 | OK | |
| r-oldrel-macos-x86_64 | 4.0.4 | 1.00 | 19.00 | 20.00 | OK | |
| r-oldrel-windows-x86_64 | 4.0.4 | 3.00 | 41.00 | 44.00 | OK |
Version: 4.0.4
Check: CRAN incoming feasibility
Result: NOTE
Maintainer: ‘Somjit Roy <somjit.roy2001@gmail.com>’
No Authors@R field in DESCRIPTION.
Please add one, modifying
Authors@R: person(given = "Somjit",
family = "Roy",
role = c("aut", "cre"),
email = "somjit.roy2001@gmail.com")
as necessary.
Flavors: r-devel-linux-x86_64-debian-clang, r-devel-linux-x86_64-debian-gcc
Version: 4.0.4
Check: dependencies in R code
Result: NOTE
Namespace in Imports field not imported from: ‘lubridate’
All declared Imports should be used.
Flavors: r-devel-linux-x86_64-fedora-clang, r-devel-linux-x86_64-fedora-gcc