Last updated on 2025-11-16 04:48:26 CET.
| Flavor | Version | Tinstall | Tcheck | Ttotal | Status | Flags |
|---|---|---|---|---|---|---|
| r-devel-linux-x86_64-debian-clang | 0.5.0 | 305.55 | 39.29 | 344.84 | OK | |
| r-devel-linux-x86_64-debian-gcc | 0.5.0 | 263.81 | 30.33 | 294.14 | OK | |
| r-devel-linux-x86_64-fedora-clang | 0.5.0 | 476.00 | 18.36 | 494.36 | OK | |
| r-devel-linux-x86_64-fedora-gcc | 0.5.0 | 780.00 | -20.21 | 759.79 | OK | |
| r-devel-windows-x86_64 | 0.5.0 | 322.00 | 110.00 | 432.00 | OK | |
| r-patched-linux-x86_64 | 0.5.0 | 333.32 | 36.11 | 369.43 | OK | |
| r-release-linux-x86_64 | 0.5.0 | 344.28 | 36.05 | 380.33 | OK | |
| r-release-macos-arm64 | 0.5.0 | 135.00 | 22.00 | 157.00 | OK | |
| r-release-macos-x86_64 | 0.5.0 | 289.00 | 41.00 | 330.00 | OK | |
| r-release-windows-x86_64 | 0.5.0 | 309.00 | 114.00 | 423.00 | OK | |
| r-oldrel-macos-arm64 | 0.5.0 | 131.00 | 25.00 | 156.00 | NOTE | |
| r-oldrel-macos-x86_64 | 0.5.0 | 275.00 | 44.00 | 319.00 | NOTE | |
| r-oldrel-windows-x86_64 | 0.5.0 | 373.00 | 134.00 | 507.00 | NOTE |
Version: 0.5.0
Check: installed package size
Result: NOTE
installed size is 68.4Mb
sub-directories of 1Mb or more:
libs 67.9Mb
Flavors: r-oldrel-macos-arm64, r-oldrel-macos-x86_64, r-oldrel-windows-x86_64