Last updated on 2025-02-22 04:51:05 CET.
Flavor | Version | Tinstall | Tcheck | Ttotal | Status | Flags |
---|---|---|---|---|---|---|
r-devel-linux-x86_64-debian-clang | 1.0.0 | 3.21 | 213.32 | 216.53 | NOTE | |
r-devel-linux-x86_64-debian-gcc | 1.0.0 | 2.34 | 156.39 | 158.73 | NOTE | |
r-devel-linux-x86_64-fedora-clang | 1.0.0 | 330.99 | NOTE | |||
r-devel-linux-x86_64-fedora-gcc | 1.0.0 | 370.60 | NOTE | |||
r-devel-macos-arm64 | 1.0.0 | 154.00 | NOTE | |||
r-devel-macos-x86_64 | 1.0.0 | 341.00 | NOTE | |||
r-devel-windows-x86_64 | 1.0.0 | 5.00 | 271.00 | 276.00 | NOTE | |
r-patched-linux-x86_64 | 1.0.0 | 2.84 | 199.64 | 202.48 | NOTE | |
r-release-linux-x86_64 | 1.0.0 | 2.88 | 200.77 | 203.65 | NOTE | |
r-release-macos-arm64 | 1.0.0 | 152.00 | NOTE | |||
r-release-macos-x86_64 | 1.0.0 | 305.00 | NOTE | |||
r-release-windows-x86_64 | 1.0.0 | 5.00 | 279.00 | 284.00 | NOTE | |
r-oldrel-macos-arm64 | 1.0.0 | 156.00 | OK | |||
r-oldrel-macos-x86_64 | 1.0.0 | 265.00 | OK | |||
r-oldrel-windows-x86_64 | 1.0.0 | 5.00 | 303.00 | 308.00 | OK |
Version: 1.0.0
Check: Rd files
Result: NOTE
checkRd: (-1) adapt.Rd:46: Lost braces
46 | \item{qvals}{a vector of values in [0, 1]U{Inf}. Q-values. See Details}
| ^
checkRd: (-1) corr_lfdr.Rd:22: Lost braces in \itemize; \value handles \item{}{} directly
checkRd: (-1) corr_lfdr.Rd:23: Lost braces in \itemize; \value handles \item{}{} directly
checkRd: (-1) corr_lfdr.Rd:24: Lost braces in \itemize; \value handles \item{}{} directly
checkRd: (-1) corr_lfdr.Rd:25: Lost braces in \itemize; \value handles \item{}{} directly
checkRd: (-1) corr_lfdr.Rd:26: Lost braces in \itemize; \value handles \item{}{} directly
checkRd: (-1) ctgm_lfdr.Rd:32: Lost braces in \itemize; \value handles \item{}{} directly
checkRd: (-1) ctgm_lfdr.Rd:33: Lost braces in \itemize; \value handles \item{}{} directly
checkRd: (-1) plot_2d.Rd:40: Lost braces; missing escapes or markup?
40 | \code{plot_2d_lfdr} gives the contour plot of local FDR estimates when all p-values are equal to \code{targetp}. It is recommended to run \code{plot_2d_lfdr} for multiple \code{targetp}'s ranging from {0.001, 0.005, 0.01, 0.05}.
| ^
Flavors: r-devel-linux-x86_64-debian-clang, r-devel-linux-x86_64-debian-gcc, r-devel-linux-x86_64-fedora-clang, r-devel-linux-x86_64-fedora-gcc, r-devel-macos-arm64, r-devel-macos-x86_64, r-devel-windows-x86_64, r-patched-linux-x86_64, r-release-linux-x86_64, r-release-macos-arm64, r-release-macos-x86_64, r-release-windows-x86_64