Last updated on 2025-10-25 05:49:55 CEST.
| Flavor | Version | Tinstall | Tcheck | Ttotal | Status | Flags |
|---|---|---|---|---|---|---|
| r-devel-linux-x86_64-debian-clang | 1.0.8 | 434.04 | 338.30 | 772.34 | OK | |
| r-devel-linux-x86_64-debian-gcc | 1.0.8 | 356.70 | 238.32 | 595.02 | OK | |
| r-devel-linux-x86_64-fedora-clang | 1.0.8 | 390.00 | 775.63 | 1165.63 | OK | |
| r-devel-linux-x86_64-fedora-gcc | 1.0.8 | 660.00 | 792.71 | 1452.71 | OK | |
| r-devel-windows-x86_64 | 1.0.8 | 418.00 | 363.00 | 781.00 | OK | |
| r-patched-linux-x86_64 | 1.0.8 | 491.85 | 364.44 | 856.29 | OK | |
| r-release-linux-x86_64 | 1.0.8 | 495.12 | 361.17 | 856.29 | OK | |
| r-release-macos-arm64 | 1.0.8 | 174.00 | 121.00 | 295.00 | OK | |
| r-release-macos-x86_64 | 1.0.8 | 222.00 | 219.00 | 441.00 | OK | |
| r-release-windows-x86_64 | 1.0.8 | 425.00 | 370.00 | 795.00 | OK | |
| r-oldrel-macos-arm64 | 1.0.8 | 186.00 | 131.00 | 317.00 | NOTE | |
| r-oldrel-macos-x86_64 | 1.0.8 | 208.00 | 242.00 | 450.00 | NOTE | |
| r-oldrel-windows-x86_64 | 1.0.8 | 509.00 | 503.00 | 1012.00 | NOTE |
Version: 1.0.8
Check: installed package size
Result: NOTE
installed size is 211.4Mb
sub-directories of 1Mb or more:
adelie 2.0Mb
doc 1.6Mb
libs 207.5Mb
Flavors: r-oldrel-macos-arm64, r-oldrel-macos-x86_64, r-oldrel-windows-x86_64