Last updated on 2025-11-16 04:48:26 CET.
| Flavor | Version | Tinstall | Tcheck | Ttotal | Status | Flags |
|---|---|---|---|---|---|---|
| r-devel-linux-x86_64-debian-clang | 0.5.0 | 6.67 | 98.63 | 105.30 | OK | |
| r-devel-linux-x86_64-debian-gcc | 0.5.0 | 4.61 | 73.55 | 78.16 | NOTE | |
| r-devel-linux-x86_64-fedora-clang | 0.5.0 | 43.00 | 138.57 | 181.57 | OK | |
| r-devel-linux-x86_64-fedora-gcc | 0.5.0 | 16.00 | 154.64 | 170.64 | OK | |
| r-devel-windows-x86_64 | 0.5.0 | 9.00 | 106.00 | 115.00 | OK | |
| r-patched-linux-x86_64 | 0.5.0 | 6.45 | 93.79 | 100.24 | OK | |
| r-release-linux-x86_64 | 0.5.0 | 5.23 | 94.02 | 99.25 | OK | |
| r-release-macos-arm64 | 0.5.0 | 3.00 | 77.00 | 80.00 | OK | |
| r-release-macos-x86_64 | 0.5.0 | 11.00 | 173.00 | 184.00 | OK | |
| r-release-windows-x86_64 | 0.5.0 | 8.00 | 106.00 | 114.00 | OK | |
| r-oldrel-macos-arm64 | 0.5.0 | 4.00 | 79.00 | 83.00 | OK | |
| r-oldrel-macos-x86_64 | 0.5.0 | 8.00 | 152.00 | 160.00 | OK | |
| r-oldrel-windows-x86_64 | 0.5.0 | 11.00 | 133.00 | 144.00 | OK |
Version: 0.5.0
Check: CRAN incoming feasibility
Result: NOTE
Maintainer: ‘Arjun Rubalingam <arjun.rubalingam@pfizer.com>’
The BugReports field in DESCRIPTION has
https://github.com/pharmaverse/admiralvaccine/issues/
which should likely be
https://github.com/pharmaverse/admiralvaccine/issues/issues
instead.
Flavor: r-devel-linux-x86_64-debian-gcc