Last updated on 2025-11-16 04:48:26 CET.
| Flavor | Version | Tinstall | Tcheck | Ttotal | Status | Flags |
|---|---|---|---|---|---|---|
| r-devel-linux-x86_64-debian-clang | 4.3.2.3 | 89.66 | 114.13 | 203.79 | OK | |
| r-devel-linux-x86_64-debian-gcc | 4.3.2.3 | 41.72 | 85.64 | 127.36 | OK | |
| r-devel-linux-x86_64-fedora-clang | 4.3.2.3 | 148.00 | 140.96 | 288.96 | OK | |
| r-devel-linux-x86_64-fedora-gcc | 4.5.1 | 188.00 | 107.85 | 295.85 | OK | |
| r-devel-windows-x86_64 | 4.3.2.3 | 57.00 | 136.00 | 193.00 | OK | |
| r-patched-linux-x86_64 | 4.3.2.3 | 58.40 | 113.35 | 171.75 | OK | |
| r-release-linux-x86_64 | 4.3.2.3 | 60.30 | 113.18 | 173.48 | OK | |
| r-release-macos-arm64 | 4.3.2.3 | 27.00 | 47.00 | 74.00 | OK | |
| r-release-macos-x86_64 | 4.5.1 | 94.00 | 124.00 | 218.00 | OK | |
| r-release-windows-x86_64 | 4.5.1 | 51.00 | 154.00 | 205.00 | OK | |
| r-oldrel-macos-arm64 | 4.3.2.3 | 27.00 | 47.00 | 74.00 | NOTE | |
| r-oldrel-macos-x86_64 | 4.5.1 | 98.00 | 136.00 | 234.00 | NOTE | |
| r-oldrel-windows-x86_64 | 4.3.2.3 | 78.00 | 184.00 | 262.00 | OK |
Version: 4.3.2.3
Check: installed package size
Result: NOTE
installed size is 6.9Mb
sub-directories of 1Mb or more:
libs 6.8Mb
Flavor: r-oldrel-macos-arm64
Version: 4.5.1
Check: installed package size
Result: NOTE
installed size is 7.5Mb
sub-directories of 1Mb or more:
libs 7.4Mb
Flavor: r-oldrel-macos-x86_64